{"id":1253,"date":"2021-01-21T19:41:18","date_gmt":"2021-01-21T19:41:18","guid":{"rendered":"https:\/\/kiehl.mcsajans.com\/?post_type=product&#038;p=1253"},"modified":"2022-04-05T14:55:40","modified_gmt":"2022-04-05T14:55:40","slug":"arcandis-classic","status":"publish","type":"product","link":"http:\/\/www.kiehlturkey.com\/index.php\/urun\/arcandis-classic\/","title":{"rendered":"ARCANDIS\u00ae-Classic"},"content":{"rendered":"<p><strong><span class=\"urun_text_02\">\u00d6zellikleri :<\/span><\/strong><span class=\"urun_text_02\">ARCANDIS\u00ae-Classic end\u00fcstriyel bula\u015f\u0131k makinalar\u0131 i\u00e7in konsantre s\u0131v\u0131 bula\u015f\u0131k deterjan\u0131d\u0131r.ARCANDIS\u00ae-Classic inat\u00e7\u0131 yiyecek art\u0131klar\u0131n\u0131n yan\u0131 s\u0131ra \u00e7ay,kahve lekelerini de h\u0131zl\u0131 ve etkin bir \u015fekilde giderir.Tabak \u00fczerindeki ni\u015fasta birikintilerini belirgin derecede azalt\u0131r.<\/span><span class=\"urun_text_02\"><br \/>\n<\/span><span class=\"urun_text_02\">\u00dcr\u00fcn t\u00fcm su sertli\u011fi derecelerinde olduk\u00e7a etkilidir,kalsiyum birikmesini \u00f6nler ve b\u00f6ylece bula\u015f\u0131k makinas\u0131n\u0131da korumaktad\u0131r.ARCANDIS\u00ae-Classic form\u00fcl\u00fc t\u00fcm bula\u015f\u0131k grubu ve \u00e7atal-b\u0131\u00e7ak tak\u0131mlar\u0131nda klorlu yap\u0131s\u0131 ile hijyenik temizlik sa\u011flar<\/span><strong><span class=\"urun_text_02\">.<\/span><\/strong><\/p>\n<p><strong><span class=\"urun_text_02\">\u0130\u00e7indekiler <\/span><\/strong><span class=\"urun_text_02\">:<\/span><span class=\"urun_text_02\">( 648\/2004\/EC g\u00f6re)<br \/>\nFosfatlar %15-30, Klor-bazl\u0131 a\u011f\u0131rt\u0131c\u0131,Fosfonatlar, alkaliler, korozyon \u00f6nleyiciler.<br \/>\npH de\u011feri (Konsantre): yakla\u015f\u0131k 13.5 pH de\u011feri (Kullan\u0131ma haz\u0131r sol\u00fcsyon): yakla\u015f\u0131k 11<br \/>\n<\/span><\/p>\n<p><span class=\"urun_text_02\"><strong>Kullan\u0131m Alanlar\u0131 :\u00a0<\/strong>Porselen,cam,plastik ve paslanmaz \u00e7elikten yap\u0131lm\u0131\u015f t\u00fcm alkaliye dayan\u0131kl\u0131 t\u00fcm bula\u015f\u0131k grubu i\u00e7in uygundur. Al\u00fcminyum,kau\u00e7uk ve hassas dekorlu bula\u015f\u0131klar ile kullanmay\u0131n\u0131z.Durulamada yard\u0131mc\u0131 olarak ARCANDIS\u00ae-Shine ile birlikte kullan\u0131ld\u0131\u011f\u0131nda optimize edilmi\u015f bir temizlik elde edilir.<\/span><\/p>\n<p><strong><span class=\"urun_text_02\">Kullan\u0131m \u015eekli :<\/span><\/strong><span class=\"urun_text_02\">ARCANDIS\u00ae-Classic bir makina ile birle\u015fik dozajlama sistemi veya programlanabilir K\u0130EHL dozajlama \u00fcniteleriyle seyreltilebilir. M\u00fcmk\u00fcn olan en iyi temizlik sonucuna ula\u015fmak i\u00e7in seyreltme y\u00fczeyin belirli \u015fartlar\u0131na,su sertli\u011fine,kir derecesine,makine t\u00fcr\u00fcne g\u00f6re<\/span><span class=\"urun_text_02\"><br \/>\n<\/span><span class=\"urun_text_02\">K\u0130EHL servis teknisyeni taraf\u0131ndan ayarlanacakt\u0131r. Seyreltme 1 litre suya 1-4 gramd\u0131r.<\/span><strong><span class=\"urun_text_02\"><br \/>\n<\/span><\/strong><\/p>\n<p><strong><span class=\"urun_text_02\">Mum cilas\u0131 giderme :<\/span>\u00a0<\/strong>Kiehl-Wax-Ex&#8217;i 5 metrekarelik bir y\u00fczeye yay\u0131n. El ile ya da d\u00f6ner ba\u015fl\u0131kl\u0131 makine ile \u00fcr\u00fcn\u00fc uygulay\u0131n. \u00c7\u00f6z\u00fcnd\u00fcr\u00fclen kirleri \u00fcst\u00fcp\u00fc ya da ba\u015fka bir emici materyal ile temizleyin. Islak vakumlu s\u00fcp\u00fcrge ile vakumlamay\u0131n. Ayn\u0131 prosed\u00fcr\u00fc di\u011fer 5 metrekarelik alanlarda tekrarlay\u0131n.<\/p>\n<p><span class=\"urun_text_02\"><strong>T\u00fcketim<\/strong>i :\u00a0<\/span>Kimyasal t\u00fcketimi belirli ko\u015fullara ba\u011fl\u0131d\u0131r.<\/p>\n<p>&nbsp;<\/p>\n","protected":false},"excerpt":{"rendered":"<h1><strong>ARCANDIS\u00ae-Classic<\/strong><\/h1>\n<p>Konsantre S\u0131v\u0131 Bula\u015f\u0131k Deterjan\u0131,<br \/>\nHafif Klorlu<\/p>\n<p><span class=\"urun_text_02\"><strong>\u00d6zellikleri :<\/strong> \u00d6zellikleri :ARCANDIS\u00ae-Classic end\u00fcstriyel bula\u015f\u0131k makinalar\u0131 i\u00e7in konsantre s\u0131v\u0131 bula\u015f\u0131k deterjan\u0131d\u0131r.ARCANDIS\u00ae-Classic inat\u00e7\u0131 yiyecek art\u0131klar\u0131n\u0131n yan\u0131 s\u0131ra \u00e7ay,kahve lekelerini de h\u0131zl\u0131 ve etkin bir \u015fekilde giderir.Tabak \u00fczerindeki ni\u015fasta birikintilerini belirgin derecede azalt\u0131r.<br \/>\n\u00dcr\u00fcn t\u00fcm su sertli\u011fi derecelerinde olduk\u00e7a etkilidir,kalsiyum birikmesini \u00f6nler ve b\u00f6ylece bula\u015f\u0131k makinas\u0131n\u0131da korumaktad\u0131r.ARCANDIS\u00ae-Classic form\u00fcl\u00fc t\u00fcm bula\u015f\u0131k grubu ve \u00e7atal-b\u0131\u00e7ak tak\u0131mlar\u0131nda klorlu yap\u0131s\u0131 ile hijyenik temizlik sa\u011flar.<br \/>\n<\/span><\/p>\n<hr \/>\n<p><img loading=\"lazy\" class=\"alignnone size-full wp-image-1254\" src=\"https:\/\/kiehl.mcsajans.com\/wp-content\/uploads\/2021\/01\/arcandis_classic.jpg\" alt=\"\" width=\"152\" height=\"67\" srcset=\"http:\/\/www.kiehlturkey.com\/wp-content\/uploads\/2021\/01\/arcandis_classic.jpg 152w, http:\/\/www.kiehlturkey.com\/wp-content\/uploads\/2021\/01\/arcandis_classic-150x67.jpg 150w\" sizes=\"(max-width: 152px) 100vw, 152px\" \/><\/p>\n<p><em><strong><span class=\"urun_text_02\">Paketleme =<\/span><\/strong><span class=\"urun_text_02\">10 L Bidon Art. No. j 56 08 10<\/span><span class=\"urun_text_02\"><br \/>\n20 L Bidon Art. No. j 56 08 21<br \/>\n200 L Bidon Art. No. j 56 08 72<\/span><\/em><span class=\"urun_text_02\">\u00a0<\/span><\/p>\n<p>&nbsp;<\/p>\n","protected":false},"featured_media":1255,"comment_status":"open","ping_status":"closed","template":"elementor_theme","meta":[],"yoast_head":"<!-- This site is optimized with the Yoast SEO plugin v15.9 - https:\/\/yoast.com\/wordpress\/plugins\/seo\/ -->\r\n<title>ARCANDIS\u00ae-Classic | K\u0130EHL<\/title>\r\n<meta name=\"description\" content=\"ARCANDIS\u00ae-Classic inat\u00e7\u0131 yiyecek art\u0131klar\u0131n\u0131n yan\u0131 s\u0131ra \u00e7ay,kahve lekelerini de h\u0131zl\u0131 ve etkin bir \u015fekilde giderir\" \/>\r\n<meta name=\"robots\" content=\"index, follow, max-snippet:-1, max-image-preview:large, max-video-preview:-1\" \/>\r\n<link rel=\"canonical\" href=\"http:\/\/www.kiehlturkey.com\/index.php\/urun\/arcandis-classic\/\" \/>\r\n<meta property=\"og:locale\" content=\"tr_TR\" \/>\r\n<meta property=\"og:type\" content=\"article\" \/>\r\n<meta property=\"og:title\" content=\"ARCANDIS\u00ae-Classic | K\u0130EHL\" \/>\r\n<meta property=\"og:description\" content=\"ARCANDIS\u00ae-Classic inat\u00e7\u0131 yiyecek art\u0131klar\u0131n\u0131n yan\u0131 s\u0131ra \u00e7ay,kahve lekelerini de h\u0131zl\u0131 ve etkin bir \u015fekilde giderir\" \/>\r\n<meta property=\"og:url\" content=\"http:\/\/www.kiehlturkey.com\/index.php\/urun\/arcandis-classic\/\" \/>\r\n<meta property=\"og:site_name\" content=\"K\u0130EHL\" \/>\r\n<meta property=\"article:modified_time\" content=\"2022-04-05T14:55:40+00:00\" \/>\r\n<meta property=\"og:image\" content=\"http:\/\/www.kiehlturkey.com\/wp-content\/uploads\/2021\/01\/arcandis_classic-1.jpg\" \/>\r\n\t<meta property=\"og:image:width\" content=\"164\" \/>\r\n\t<meta property=\"og:image:height\" content=\"220\" \/>\r\n<meta name=\"twitter:card\" content=\"summary_large_image\" \/>\r\n<meta name=\"twitter:label1\" content=\"Tahmini okuma s\u00fcresi\">\n\t<meta name=\"twitter:data1\" content=\"1 dakika\">\r\n<script type=\"application\/ld+json\" class=\"yoast-schema-graph\">{\"@context\":\"https:\/\/schema.org\",\"@graph\":[{\"@type\":\"WebSite\",\"@id\":\"http:\/\/www.kiehlturkey.com\/#website\",\"url\":\"http:\/\/www.kiehlturkey.com\/\",\"name\":\"K\\u0130EHL\",\"description\":\"die saubere L\\u00f6sung\",\"potentialAction\":[{\"@type\":\"SearchAction\",\"target\":\"http:\/\/www.kiehlturkey.com\/?s={search_term_string}\",\"query-input\":\"required name=search_term_string\"}],\"inLanguage\":\"tr\"},{\"@type\":\"ImageObject\",\"@id\":\"http:\/\/www.kiehlturkey.com\/index.php\/urun\/arcandis-classic\/#primaryimage\",\"inLanguage\":\"tr\",\"url\":\"http:\/\/www.kiehlturkey.com\/wp-content\/uploads\/2021\/01\/arcandis_classic-1.jpg\",\"width\":164,\"height\":220},{\"@type\":\"WebPage\",\"@id\":\"http:\/\/www.kiehlturkey.com\/index.php\/urun\/arcandis-classic\/#webpage\",\"url\":\"http:\/\/www.kiehlturkey.com\/index.php\/urun\/arcandis-classic\/\",\"name\":\"ARCANDIS\\u00ae-Classic | K\\u0130EHL\",\"isPartOf\":{\"@id\":\"http:\/\/www.kiehlturkey.com\/#website\"},\"primaryImageOfPage\":{\"@id\":\"http:\/\/www.kiehlturkey.com\/index.php\/urun\/arcandis-classic\/#primaryimage\"},\"datePublished\":\"2021-01-21T19:41:18+00:00\",\"dateModified\":\"2022-04-05T14:55:40+00:00\",\"description\":\"ARCANDIS\\u00ae-Classic inat\\u00e7\\u0131 yiyecek art\\u0131klar\\u0131n\\u0131n yan\\u0131 s\\u0131ra \\u00e7ay,kahve lekelerini de h\\u0131zl\\u0131 ve etkin bir \\u015fekilde giderir\",\"breadcrumb\":{\"@id\":\"http:\/\/www.kiehlturkey.com\/index.php\/urun\/arcandis-classic\/#breadcrumb\"},\"inLanguage\":\"tr\",\"potentialAction\":[{\"@type\":\"ReadAction\",\"target\":[\"http:\/\/www.kiehlturkey.com\/index.php\/urun\/arcandis-classic\/\"]}]},{\"@type\":\"BreadcrumbList\",\"@id\":\"http:\/\/www.kiehlturkey.com\/index.php\/urun\/arcandis-classic\/#breadcrumb\",\"itemListElement\":[{\"@type\":\"ListItem\",\"position\":1,\"item\":{\"@type\":\"WebPage\",\"@id\":\"http:\/\/www.kiehlturkey.com\/\",\"url\":\"http:\/\/www.kiehlturkey.com\/\",\"name\":\"Ana sayfa\"}},{\"@type\":\"ListItem\",\"position\":2,\"item\":{\"@type\":\"WebPage\",\"@id\":\"http:\/\/www.kiehlturkey.com\/index.php\/urunler\/\",\"url\":\"http:\/\/www.kiehlturkey.com\/index.php\/urunler\/\",\"name\":\"\\u00dcr\\u00fcnler\"}},{\"@type\":\"ListItem\",\"position\":3,\"item\":{\"@type\":\"WebPage\",\"@id\":\"http:\/\/www.kiehlturkey.com\/index.php\/urun\/arcandis-classic\/\",\"url\":\"http:\/\/www.kiehlturkey.com\/index.php\/urun\/arcandis-classic\/\",\"name\":\"ARCANDIS\\u00ae-Classic\"}}]}]}<\/script>\r\n<!-- \/ Yoast SEO plugin. -->","_links":{"self":[{"href":"http:\/\/www.kiehlturkey.com\/index.php\/wp-json\/wp\/v2\/product\/1253"}],"collection":[{"href":"http:\/\/www.kiehlturkey.com\/index.php\/wp-json\/wp\/v2\/product"}],"about":[{"href":"http:\/\/www.kiehlturkey.com\/index.php\/wp-json\/wp\/v2\/types\/product"}],"replies":[{"embeddable":true,"href":"http:\/\/www.kiehlturkey.com\/index.php\/wp-json\/wp\/v2\/comments?post=1253"}],"version-history":[{"count":1,"href":"http:\/\/www.kiehlturkey.com\/index.php\/wp-json\/wp\/v2\/product\/1253\/revisions"}],"predecessor-version":[{"id":1256,"href":"http:\/\/www.kiehlturkey.com\/index.php\/wp-json\/wp\/v2\/product\/1253\/revisions\/1256"}],"wp:featuredmedia":[{"embeddable":true,"href":"http:\/\/www.kiehlturkey.com\/index.php\/wp-json\/wp\/v2\/media\/1255"}],"wp:attachment":[{"href":"http:\/\/www.kiehlturkey.com\/index.php\/wp-json\/wp\/v2\/media?parent=1253"}],"curies":[{"name":"wp","href":"https:\/\/api.w.org\/{rel}","templated":true}]}}