{"id":1451,"date":"2021-02-27T18:05:24","date_gmt":"2021-02-27T18:05:24","guid":{"rendered":"https:\/\/kiehl.mcsajans.com\/?post_type=product&#038;p=1451"},"modified":"2021-02-27T18:40:44","modified_gmt":"2021-02-27T18:40:44","slug":"thermodur","status":"publish","type":"product","link":"http:\/\/www.kiehlturkey.com\/index.php\/urun\/thermodur\/","title":{"rendered":"Thermodur"},"content":{"rendered":"<p><strong><span class=\"urun_text_02\">\u00d6zellikleri :<\/span><\/strong><span class=\"urun_text_02\">Y\u00fcksek kat\u0131 madde i\u00e7erikli, m\u00fckemmel parlakl\u0131k sa\u011flayan ve uygulanan y\u00fczeyde bir film tabakas\u0131 olu\u015fturan metalize em\u00fclsiyon cilas\u0131. Thermodur, dayan\u0131kl\u0131, toz tutmayan ve silinmeye kar\u015f\u0131 diren\u00e7li, y\u00fcksek kaliteli kaymayan bir y\u00fczey sa\u011flar.<\/span><\/p>\n<p><strong><span class=\"urun_text_02\">\u0130\u00e7indekiler : <\/span><\/strong><span class=\"urun_text_02\">Polimer \u00e7\u00f6zeltiler, sert polietilen mum, suda \u00e7\u00f6z\u00fcnebilir solventler, re\u00e7ine,<\/span><span class=\"urun_text_02\"><br \/>\nplastikle\u015ftirici. pH de\u011feri (konsantre): yakla\u015f\u0131k 8,5<\/span><\/p>\n<p><strong><span class=\"urun_text_02\">Kullan\u0131m Alan\u0131 : <\/span><\/strong><span class=\"urun_text_02\">Temel temizli\u011fi yap\u0131lm\u0131\u015f; PVC, linolyum, polyolefin, do\u011fal emici, suni ta\u015f ve asfalt y\u00fczeyler gibi suya dayan\u0131kl\u0131 t\u00fcm y\u00fczeylerde kullan\u0131ma uygundur. Plastik i\u00e7eren y\u00fczeylerde kullanmadan \u00f6nce yap\u0131\u015fkanl\u0131k testi uygulanmas\u0131 gerekmektedir.<\/span><\/p>\n<p><strong><span class=\"urun_text_02\">Kullan\u0131m \u015eekli : <\/span><\/strong><span class=\"urun_text_02\">\u00dcr\u00fcn\u00fcn sadece \u00f6nceden yeterince kurutulmu\u015f y\u00fczeylere uyguland\u0131\u011f\u0131ndan emin olunuz. \u00dcr\u00fcn\u00fc yumu\u015fak bir bez yard\u0131m\u0131yla ve seyreltmeden ince bir tabaka halinde uygulay\u0131n\u0131z. \u00dcr\u00fcn\u00fcn bez \u00fczerinde kurumas\u0131ndan ka\u00e7\u0131n\u0131lmal\u0131 ve bidon kullan\u0131mdan sonra hemen kapat\u0131lmal\u0131d\u0131r.<\/span><strong><span class=\"urun_text_02\"><br \/>\n<\/span><\/strong><\/p>\n<p><strong><span class=\"urun_text_02\">Ana temizli\u011fi yap\u0131lm\u0131\u015f zeminlere uygulama : <\/span><\/strong><span class=\"urun_text_02\">Zeminin emicilik d\u00fczeyine g\u00f6re takriben 30 dakikal\u0131k aral\u0131klarla 2-3 kez s\u00fcr\u00fcl\u00fcr.<\/span><\/p>\n","protected":false},"excerpt":{"rendered":"<h1>Thermodur<\/h1>\n<p><span class=\"urun_text_02\">Metalize Em\u00fclsiyon Cilas\u0131<\/span><\/p>\n<p><span class=\"urun_text_02\"><strong>\u00d6zellikleri <\/strong>: Y\u00fcksek kat\u0131 madde i\u00e7erikli, m\u00fckemmel parlakl\u0131k sa\u011flayan ve uygulanan y\u00fczeyde bir film tabakas\u0131 olu\u015fturan metalize em\u00fclsiyon cilas\u0131. Thermodur, dayan\u0131kl\u0131, toz tutmayan ve silinmeye kar\u015f\u0131 diren\u00e7li, y\u00fcksek kaliteli kaymayan bir y\u00fczey sa\u011flar.<br \/>\n<\/span><\/p>\n<hr \/>\n<p><img loading=\"lazy\" class=\"alignnone size-full wp-image-1457\" src=\"https:\/\/kiehl.mcsajans.com\/wp-content\/uploads\/2021\/02\/thermodur_icon.jpg\" alt=\"\" width=\"66\" height=\"67\" \/><\/p>\n<p><strong><span class=\"urun_text_02\">Metrekare ba\u015f\u0131na t\u00fcketim<\/span><\/strong><br \/>\nTemel bak\u0131m: Uygulama ba\u015f\u0131na 25 ml.<br \/>\n<strong>Profesyonel kullan\u0131mlar i\u00e7indir!<\/strong><\/p>\n<p><strong>Paketleme<\/strong><br \/>\n10 litre bidon \u00dcr. No. j 20 02 10<br \/>\n200 litre varil \u00dcr. No. j 20 02 72<\/p>\n<p>Donmaya kar\u015f\u0131 koruyunuz!<\/p>\n","protected":false},"featured_media":1456,"comment_status":"open","ping_status":"closed","template":"elementor_theme","meta":[],"yoast_head":"<!-- This site is optimized with the Yoast SEO plugin v15.9 - https:\/\/yoast.com\/wordpress\/plugins\/seo\/ -->\r\n<title>Thermodur | K\u0130EHL<\/title>\r\n<meta name=\"description\" content=\"Y\u00fcksek kat\u0131 madde i\u00e7erikli, m\u00fckemmel parlakl\u0131k sa\u011flayan ve uygulanan y\u00fczeyde bir film tabakas\u0131 olu\u015fturan metalize em\u00fclsiyon cilas\u0131.\" \/>\r\n<meta name=\"robots\" content=\"index, follow, max-snippet:-1, max-image-preview:large, max-video-preview:-1\" \/>\r\n<link rel=\"canonical\" href=\"http:\/\/www.kiehlturkey.com\/index.php\/urun\/thermodur\/\" \/>\r\n<meta property=\"og:locale\" content=\"tr_TR\" \/>\r\n<meta property=\"og:type\" content=\"article\" \/>\r\n<meta property=\"og:title\" content=\"Thermodur | K\u0130EHL\" \/>\r\n<meta property=\"og:description\" content=\"Y\u00fcksek kat\u0131 madde i\u00e7erikli, m\u00fckemmel parlakl\u0131k sa\u011flayan ve uygulanan y\u00fczeyde bir film tabakas\u0131 olu\u015fturan metalize em\u00fclsiyon cilas\u0131.\" \/>\r\n<meta property=\"og:url\" content=\"http:\/\/www.kiehlturkey.com\/index.php\/urun\/thermodur\/\" \/>\r\n<meta property=\"og:site_name\" content=\"K\u0130EHL\" \/>\r\n<meta property=\"article:modified_time\" content=\"2021-02-27T18:40:44+00:00\" \/>\r\n<meta property=\"og:image\" content=\"http:\/\/www.kiehlturkey.com\/wp-content\/uploads\/2021\/02\/thermodur.jpg\" \/>\r\n\t<meta property=\"og:image:width\" content=\"500\" \/>\r\n\t<meta property=\"og:image:height\" content=\"500\" \/>\r\n<meta name=\"twitter:card\" content=\"summary_large_image\" \/>\r\n<meta name=\"twitter:label1\" content=\"Tahmini okuma s\u00fcresi\">\n\t<meta name=\"twitter:data1\" content=\"1 dakika\">\r\n<script type=\"application\/ld+json\" class=\"yoast-schema-graph\">{\"@context\":\"https:\/\/schema.org\",\"@graph\":[{\"@type\":\"WebSite\",\"@id\":\"http:\/\/www.kiehlturkey.com\/#website\",\"url\":\"http:\/\/www.kiehlturkey.com\/\",\"name\":\"K\\u0130EHL\",\"description\":\"die saubere L\\u00f6sung\",\"potentialAction\":[{\"@type\":\"SearchAction\",\"target\":\"http:\/\/www.kiehlturkey.com\/?s={search_term_string}\",\"query-input\":\"required name=search_term_string\"}],\"inLanguage\":\"tr\"},{\"@type\":\"ImageObject\",\"@id\":\"http:\/\/www.kiehlturkey.com\/index.php\/urun\/thermodur\/#primaryimage\",\"inLanguage\":\"tr\",\"url\":\"http:\/\/www.kiehlturkey.com\/wp-content\/uploads\/2021\/02\/thermodur.jpg\",\"width\":500,\"height\":500},{\"@type\":\"WebPage\",\"@id\":\"http:\/\/www.kiehlturkey.com\/index.php\/urun\/thermodur\/#webpage\",\"url\":\"http:\/\/www.kiehlturkey.com\/index.php\/urun\/thermodur\/\",\"name\":\"Thermodur | K\\u0130EHL\",\"isPartOf\":{\"@id\":\"http:\/\/www.kiehlturkey.com\/#website\"},\"primaryImageOfPage\":{\"@id\":\"http:\/\/www.kiehlturkey.com\/index.php\/urun\/thermodur\/#primaryimage\"},\"datePublished\":\"2021-02-27T18:05:24+00:00\",\"dateModified\":\"2021-02-27T18:40:44+00:00\",\"description\":\"Y\\u00fcksek kat\\u0131 madde i\\u00e7erikli, m\\u00fckemmel parlakl\\u0131k sa\\u011flayan ve uygulanan y\\u00fczeyde bir film tabakas\\u0131 olu\\u015fturan metalize em\\u00fclsiyon cilas\\u0131.\",\"breadcrumb\":{\"@id\":\"http:\/\/www.kiehlturkey.com\/index.php\/urun\/thermodur\/#breadcrumb\"},\"inLanguage\":\"tr\",\"potentialAction\":[{\"@type\":\"ReadAction\",\"target\":[\"http:\/\/www.kiehlturkey.com\/index.php\/urun\/thermodur\/\"]}]},{\"@type\":\"BreadcrumbList\",\"@id\":\"http:\/\/www.kiehlturkey.com\/index.php\/urun\/thermodur\/#breadcrumb\",\"itemListElement\":[{\"@type\":\"ListItem\",\"position\":1,\"item\":{\"@type\":\"WebPage\",\"@id\":\"http:\/\/www.kiehlturkey.com\/\",\"url\":\"http:\/\/www.kiehlturkey.com\/\",\"name\":\"Ana sayfa\"}},{\"@type\":\"ListItem\",\"position\":2,\"item\":{\"@type\":\"WebPage\",\"@id\":\"http:\/\/www.kiehlturkey.com\/index.php\/urunler\/\",\"url\":\"http:\/\/www.kiehlturkey.com\/index.php\/urunler\/\",\"name\":\"\\u00dcr\\u00fcnler\"}},{\"@type\":\"ListItem\",\"position\":3,\"item\":{\"@type\":\"WebPage\",\"@id\":\"http:\/\/www.kiehlturkey.com\/index.php\/urun\/thermodur\/\",\"url\":\"http:\/\/www.kiehlturkey.com\/index.php\/urun\/thermodur\/\",\"name\":\"Thermodur\"}}]}]}<\/script>\r\n<!-- \/ Yoast SEO plugin. -->","_links":{"self":[{"href":"http:\/\/www.kiehlturkey.com\/index.php\/wp-json\/wp\/v2\/product\/1451"}],"collection":[{"href":"http:\/\/www.kiehlturkey.com\/index.php\/wp-json\/wp\/v2\/product"}],"about":[{"href":"http:\/\/www.kiehlturkey.com\/index.php\/wp-json\/wp\/v2\/types\/product"}],"replies":[{"embeddable":true,"href":"http:\/\/www.kiehlturkey.com\/index.php\/wp-json\/wp\/v2\/comments?post=1451"}],"version-history":[{"count":2,"href":"http:\/\/www.kiehlturkey.com\/index.php\/wp-json\/wp\/v2\/product\/1451\/revisions"}],"predecessor-version":[{"id":1462,"href":"http:\/\/www.kiehlturkey.com\/index.php\/wp-json\/wp\/v2\/product\/1451\/revisions\/1462"}],"wp:featuredmedia":[{"embeddable":true,"href":"http:\/\/www.kiehlturkey.com\/index.php\/wp-json\/wp\/v2\/media\/1456"}],"wp:attachment":[{"href":"http:\/\/www.kiehlturkey.com\/index.php\/wp-json\/wp\/v2\/media?parent=1451"}],"curies":[{"name":"wp","href":"https:\/\/api.w.org\/{rel}","templated":true}]}}