{"id":1460,"date":"2021-02-27T18:16:09","date_gmt":"2021-02-27T18:16:09","guid":{"rendered":"https:\/\/kiehl.mcsajans.com\/?post_type=product&#038;p=1460"},"modified":"2023-11-16T13:36:49","modified_gmt":"2023-11-16T13:36:49","slug":"arenas-exet-3","status":"publish","type":"product","link":"http:\/\/www.kiehlturkey.com\/index.php\/urun\/arenas-exet-3\/","title":{"rendered":"Arenas-Exet 3"},"content":{"rendered":"<p><strong><span class=\"urun_text_02\">\u00d6zellikleri : <\/span><\/strong><span class=\"urun_text_02\">Beyaz ve renkli \u00e7ama\u015f\u0131rlarda ki pas lekesini \u00e7\u0131karmak i\u00e7in \u00f6zel olarak tasarlanm\u0131\u015f bir \u00fcr\u00fcnd\u00fcr.<\/span><strong><span class=\"urun_text_02\"><br \/>\n<\/span><\/strong><\/p>\n<p><strong><span class=\"urun_text_02\">\u0130\u00e7indekiler : <\/span><\/strong><span class=\"urun_text_02\">Noniyonik y\u00fczey aktif maddes &lt; 5%, organik asitler.<\/span><span class=\"urun_text_02\"><br \/>\npH de\u011feri (konsantre): yakla\u015f\u0131k. 1<\/span><\/p>\n<p><strong><span class=\"urun_text_02\">Uygulama : <\/span><\/strong><span class=\"urun_text_02\">Beyaz ve renkli \u00e7ama\u015f\u0131rlar\u0131n\u0131z \u00fczerinde ki lekelerin \u00f6n i\u015flemi i\u00e7in.<\/span><span class=\"urun_text_02\"><br \/>\nKuma\u015fa, makinede y\u0131kamadan hemen \u00f6nce uygulay\u0131n\u0131z.<\/span><\/p>\n<p><strong><span class=\"urun_text_02\">Kullan\u0131m Talimat\u0131 : <\/span><\/strong><span class=\"urun_text_02\">\u00dcr\u00fcn\u00fc kullanmadan \u00f6nce \u00e7ama\u015f\u0131rda renk de\u011fi\u015fimi olup olmad\u0131\u011f\u0131n\u0131 kontrol edin.<\/span><span class=\"urun_text_02\"><br \/>\nSeyreltmeden kullan\u0131n. Sprey ARENAS\u00ae-exet 3&#8217;\u00fc lekelerin \u00fczerine uygulad\u0131ktan<br \/>\nsonra 5-10 dakika etki etmesini bekleyin. Daha sonra her zaman ki gibi y\u0131kay\u0131n..<br \/>\nKuma\u015f\u0131n \u00fczerinde kurumas\u0131na izin vermeyiniz!<br \/>\n\u0130nat\u00e7\u0131 lekeler durumunda 20-30 dakika boyunca \u0131l\u0131k suda (yakla\u015f\u0131k. 40\u00b0C) lekelerin g\u00f6zle g\u00f6r\u00fcl\u00fcr \u015fekilde azalana kadar bekletin. Ard\u0131ndan her zaman ki gibi \u00e7ama\u015f\u0131r makinesinde y\u0131kay\u0131n. Kuma\u015f\u0131n \u00fczerinde kurumas\u0131na izin vermeyiniz!<\/span><\/p>\n<p><strong>Kuma\u015flar\u0131 y\u0131karken kilogramdaki kullan\u0131m oran\u0131<\/strong><\/p>\n<p>Lekelerin seviyesine g\u00f6re de\u011fi\u015fir.<br \/>\nXi; Konsantre halde tahri\u015f edici;R 36\/38 G\u00f6zleri ve deriyi tahri\u015f eder.S 24\/25 Deri ve g\u00f6zlere temas etmemesine dikkat edin.<br \/>\n1999\/44\/EC Madde. 1&#8242; e g\u00f6re t\u00fcketici \u00fcr\u00fcn\u00fc de\u011fildir! <strong>Profesyonel kullan\u0131m i\u00e7in!<\/strong><\/p>\n","protected":false},"excerpt":{"rendered":"<h1>Arenas-Exet 3<\/h1>\n<p><strong>Pas lekesi \u00e7\u0131kar\u0131c\u0131<\/strong><\/p>\n<p><span class=\"urun_text_02\"><strong>\u00d6zellikleri <\/strong>: Beyaz ve renkli \u00e7ama\u015f\u0131rlar\u0131n\u0131zdan m\u00fcrekkep ve ke\u00e7eli kalem lekelerini \u00e7\u0131karmas\u0131 i\u00e7in \u00f6zel olarak tasarlanm\u0131\u015f bir \u00fcr\u00fcnd\u00fcr.<br \/>\n<\/span><\/p>\n<hr \/>\n<p><strong><span class=\"urun_text_02\">Metrekare ba\u015f\u0131na t\u00fcketim<\/span><\/strong><br \/>\nKimyasal t\u00fcketimi, \u00e7ama\u015f\u0131r makinesinin boyutuna ba\u011fl\u0131d\u0131r.<\/p>\n<p><strong>Profesyonel kullan\u0131mlar i\u00e7indir!<\/strong><\/p>\n<p><strong>Ambalaj<\/strong><br \/>\n6 x 500 ml sprey \u015fi\u015feden olu\u015fan koli<\/p>\n<p><img loading=\"lazy\" class=\"alignnone size-full wp-image-1449\" src=\"https:\/\/kiehl.mcsajans.com\/wp-content\/uploads\/2021\/02\/exet1.jpg\" alt=\"\" width=\"67\" height=\"67\" \/><\/p>\n","protected":false},"featured_media":1467,"comment_status":"open","ping_status":"closed","template":"elementor_theme","meta":[],"yoast_head":"<!-- This site is optimized with the Yoast SEO plugin v15.9 - https:\/\/yoast.com\/wordpress\/plugins\/seo\/ -->\r\n<title>Arenas-Exet 3 | K\u0130EHL<\/title>\r\n<meta name=\"description\" content=\"Beyaz ve renkli \u00e7ama\u015f\u0131rlarda ki pas lekesini \u00e7\u0131karmak i\u00e7in \u00f6zel olarak tasarlanm\u0131\u015f bir \u00fcr\u00fcnd\u00fcr.\" \/>\r\n<meta name=\"robots\" content=\"index, follow, max-snippet:-1, max-image-preview:large, max-video-preview:-1\" \/>\r\n<link rel=\"canonical\" href=\"http:\/\/www.kiehlturkey.com\/index.php\/urun\/arenas-exet-3\/\" \/>\r\n<meta property=\"og:locale\" content=\"tr_TR\" \/>\r\n<meta property=\"og:type\" content=\"article\" \/>\r\n<meta property=\"og:title\" content=\"Arenas-Exet 3 | K\u0130EHL\" \/>\r\n<meta property=\"og:description\" content=\"Beyaz ve renkli \u00e7ama\u015f\u0131rlarda ki pas lekesini \u00e7\u0131karmak i\u00e7in \u00f6zel olarak tasarlanm\u0131\u015f bir \u00fcr\u00fcnd\u00fcr.\" \/>\r\n<meta property=\"og:url\" content=\"http:\/\/www.kiehlturkey.com\/index.php\/urun\/arenas-exet-3\/\" \/>\r\n<meta property=\"og:site_name\" content=\"K\u0130EHL\" \/>\r\n<meta property=\"article:modified_time\" content=\"2023-11-16T13:36:49+00:00\" \/>\r\n<meta property=\"og:image\" content=\"http:\/\/www.kiehlturkey.com\/wp-content\/uploads\/2021\/02\/Untitled-1-2.jpg\" \/>\r\n\t<meta property=\"og:image:width\" content=\"500\" \/>\r\n\t<meta property=\"og:image:height\" content=\"500\" \/>\r\n<meta name=\"twitter:card\" content=\"summary_large_image\" \/>\r\n<meta name=\"twitter:label1\" content=\"Tahmini okuma s\u00fcresi\">\n\t<meta name=\"twitter:data1\" content=\"1 dakika\">\r\n<script type=\"application\/ld+json\" class=\"yoast-schema-graph\">{\"@context\":\"https:\/\/schema.org\",\"@graph\":[{\"@type\":\"WebSite\",\"@id\":\"http:\/\/www.kiehlturkey.com\/#website\",\"url\":\"http:\/\/www.kiehlturkey.com\/\",\"name\":\"K\\u0130EHL\",\"description\":\"die saubere L\\u00f6sung\",\"potentialAction\":[{\"@type\":\"SearchAction\",\"target\":\"http:\/\/www.kiehlturkey.com\/?s={search_term_string}\",\"query-input\":\"required name=search_term_string\"}],\"inLanguage\":\"tr\"},{\"@type\":\"ImageObject\",\"@id\":\"http:\/\/www.kiehlturkey.com\/index.php\/urun\/arenas-exet-3\/#primaryimage\",\"inLanguage\":\"tr\",\"url\":\"http:\/\/www.kiehlturkey.com\/wp-content\/uploads\/2021\/02\/Untitled-1-2.jpg\",\"width\":500,\"height\":500},{\"@type\":\"WebPage\",\"@id\":\"http:\/\/www.kiehlturkey.com\/index.php\/urun\/arenas-exet-3\/#webpage\",\"url\":\"http:\/\/www.kiehlturkey.com\/index.php\/urun\/arenas-exet-3\/\",\"name\":\"Arenas-Exet 3 | K\\u0130EHL\",\"isPartOf\":{\"@id\":\"http:\/\/www.kiehlturkey.com\/#website\"},\"primaryImageOfPage\":{\"@id\":\"http:\/\/www.kiehlturkey.com\/index.php\/urun\/arenas-exet-3\/#primaryimage\"},\"datePublished\":\"2021-02-27T18:16:09+00:00\",\"dateModified\":\"2023-11-16T13:36:49+00:00\",\"description\":\"Beyaz ve renkli \\u00e7ama\\u015f\\u0131rlarda ki pas lekesini \\u00e7\\u0131karmak i\\u00e7in \\u00f6zel olarak tasarlanm\\u0131\\u015f bir \\u00fcr\\u00fcnd\\u00fcr.\",\"breadcrumb\":{\"@id\":\"http:\/\/www.kiehlturkey.com\/index.php\/urun\/arenas-exet-3\/#breadcrumb\"},\"inLanguage\":\"tr\",\"potentialAction\":[{\"@type\":\"ReadAction\",\"target\":[\"http:\/\/www.kiehlturkey.com\/index.php\/urun\/arenas-exet-3\/\"]}]},{\"@type\":\"BreadcrumbList\",\"@id\":\"http:\/\/www.kiehlturkey.com\/index.php\/urun\/arenas-exet-3\/#breadcrumb\",\"itemListElement\":[{\"@type\":\"ListItem\",\"position\":1,\"item\":{\"@type\":\"WebPage\",\"@id\":\"http:\/\/www.kiehlturkey.com\/\",\"url\":\"http:\/\/www.kiehlturkey.com\/\",\"name\":\"Ana sayfa\"}},{\"@type\":\"ListItem\",\"position\":2,\"item\":{\"@type\":\"WebPage\",\"@id\":\"http:\/\/www.kiehlturkey.com\/index.php\/urunler\/\",\"url\":\"http:\/\/www.kiehlturkey.com\/index.php\/urunler\/\",\"name\":\"\\u00dcr\\u00fcnler\"}},{\"@type\":\"ListItem\",\"position\":3,\"item\":{\"@type\":\"WebPage\",\"@id\":\"http:\/\/www.kiehlturkey.com\/index.php\/urun\/arenas-exet-3\/\",\"url\":\"http:\/\/www.kiehlturkey.com\/index.php\/urun\/arenas-exet-3\/\",\"name\":\"Arenas-Exet 3\"}}]}]}<\/script>\r\n<!-- \/ Yoast SEO plugin. -->","_links":{"self":[{"href":"http:\/\/www.kiehlturkey.com\/index.php\/wp-json\/wp\/v2\/product\/1460"}],"collection":[{"href":"http:\/\/www.kiehlturkey.com\/index.php\/wp-json\/wp\/v2\/product"}],"about":[{"href":"http:\/\/www.kiehlturkey.com\/index.php\/wp-json\/wp\/v2\/types\/product"}],"replies":[{"embeddable":true,"href":"http:\/\/www.kiehlturkey.com\/index.php\/wp-json\/wp\/v2\/comments?post=1460"}],"version-history":[{"count":1,"href":"http:\/\/www.kiehlturkey.com\/index.php\/wp-json\/wp\/v2\/product\/1460\/revisions"}],"predecessor-version":[{"id":1468,"href":"http:\/\/www.kiehlturkey.com\/index.php\/wp-json\/wp\/v2\/product\/1460\/revisions\/1468"}],"wp:featuredmedia":[{"embeddable":true,"href":"http:\/\/www.kiehlturkey.com\/index.php\/wp-json\/wp\/v2\/media\/1467"}],"wp:attachment":[{"href":"http:\/\/www.kiehlturkey.com\/index.php\/wp-json\/wp\/v2\/media?parent=1460"}],"curies":[{"name":"wp","href":"https:\/\/api.w.org\/{rel}","templated":true}]}}

<p><strong><span class="urun_text_02">Özellikleri : </span></strong><span class="urun_text_02">Beyaz ve renkli çamaşırlarda ki pas lekesini çıkarmak için özel olarak tasarlanmış bir üründür.</span><strong><span class="urun_text_02"><br />
</span></strong></p>
<p><strong><span class="urun_text_02">İçindekiler : </span></strong><span class="urun_text_02">Noniyonik yüzey aktif maddes &lt; 5%, organik asitler.</span><span class="urun_text_02"><br />
pH değeri (konsantre): yaklaşık. 1</span></p>
<p><strong><span class="urun_text_02">Uygulama : </span></strong><span class="urun_text_02">Beyaz ve renkli çamaşırlarınız üzerinde ki lekelerin ön işlemi için.</span><span class="urun_text_02"><br />
Kumaşa, makinede yıkamadan hemen önce uygulayınız.</span></p>
<p><strong><span class="urun_text_02">Kullanım Talimatı : </span></strong><span class="urun_text_02">Ürünü kullanmadan önce çamaşırda renk değişimi olup olmadığını kontrol edin.</span><span class="urun_text_02"><br />
Seyreltmeden kullanın. Sprey ARENAS®-exet 3&#8217;ü lekelerin üzerine uyguladıktan<br />
sonra 5-10 dakika etki etmesini bekleyin. Daha sonra her zaman ki gibi yıkayın..<br />
Kumaşın üzerinde kurumasına izin vermeyiniz!<br />
İnatçı lekeler durumunda 20-30 dakika boyunca ılık suda (yaklaşık. 40°C) lekelerin gözle görülür şekilde azalana kadar bekletin. Ardından her zaman ki gibi çamaşır makinesinde yıkayın. Kumaşın üzerinde kurumasına izin vermeyiniz!</span></p>
<p><strong>Kumaşları yıkarken kilogramdaki kullanım oranı</strong></p>
<p>Lekelerin seviyesine göre değişir.<br />
Xi; Konsantre halde tahriş edici;R 36/38 Gözleri ve deriyi tahriş eder.S 24/25 Deri ve gözlere temas etmemesine dikkat edin.<br />
1999/44/EC Madde. 1&#8242; e göre tüketici ürünü değildir! <strong>Profesyonel kullanım için!</strong></p>

<h1>Arenas-Exet 3</h1>
<p><strong>Pas lekesi çıkarıcı</strong></p>
<p><span class="urun_text_02"><strong>Özellikleri </strong>: Beyaz ve renkli çamaşırlarınızdan mürekkep ve keçeli kalem lekelerini çıkarması için özel olarak tasarlanmış bir üründür.<br />
</span></p>
<hr />
<p><strong><span class="urun_text_02">Metrekare başına tüketim</span></strong><br />
Kimyasal tüketimi, çamaşır makinesinin boyutuna bağlıdır.</p>
<p><strong>Profesyonel kullanımlar içindir!</strong></p>
<p><strong>Ambalaj</strong><br />
6 x 500 ml sprey şişeden oluşan koli</p>
<p><img loading="lazy" class="alignnone size-full wp-image-1449" src="https://kiehl.mcsajans.com/wp-content/uploads/2021/02/exet1.jpg" alt="" width="67" height="67" /></p>

<!-- This site is optimized with the Yoast SEO plugin v15.9 - https://yoast.com/wordpress/plugins/seo/ -->
<title>Arenas-Exet 3 | KİEHL</title>
<meta name="description" content="Beyaz ve renkli çamaşırlarda ki pas lekesini çıkarmak için özel olarak tasarlanmış bir üründür." />
<meta name="robots" content="index, follow, max-snippet:-1, max-image-preview:large, max-video-preview:-1" />
<link rel="canonical" href="http://www.kiehlturkey.com/index.php/urun/arenas-exet-3/" />
<meta property="og:locale" content="tr_TR" />
<meta property="og:type" content="article" />
<meta property="og:title" content="Arenas-Exet 3 | KİEHL" />
<meta property="og:description" content="Beyaz ve renkli çamaşırlarda ki pas lekesini çıkarmak için özel olarak tasarlanmış bir üründür." />
<meta property="og:url" content="http://www.kiehlturkey.com/index.php/urun/arenas-exet-3/" />
<meta property="og:site_name" content="KİEHL" />
<meta property="article:modified_time" content="2023-11-16T13:36:49+00:00" />
<meta property="og:image" content="http://www.kiehlturkey.com/wp-content/uploads/2021/02/Untitled-1-2.jpg" />
	<meta property="og:image:width" content="500" />
	<meta property="og:image:height" content="500" />
<meta name="twitter:card" content="summary_large_image" />
<meta name="twitter:label1" content="Tahmini okuma süresi">
	<meta name="twitter:data1" content="1 dakika">
<script type="application/ld+json" class="yoast-schema-graph">{"@context":"https://schema.org","@graph":[{"@type":"WebSite","@id":"http://www.kiehlturkey.com/#website","url":"http://www.kiehlturkey.com/","name":"K\u0130EHL","description":"die saubere L\u00f6sung","potentialAction":[{"@type":"SearchAction","target":"http://www.kiehlturkey.com/?s={search_term_string}","query-input":"required name=search_term_string"}],"inLanguage":"tr"},{"@type":"ImageObject","@id":"http://www.kiehlturkey.com/index.php/urun/arenas-exet-3/#primaryimage","inLanguage":"tr","url":"http://www.kiehlturkey.com/wp-content/uploads/2021/02/Untitled-1-2.jpg","width":500,"height":500},{"@type":"WebPage","@id":"http://www.kiehlturkey.com/index.php/urun/arenas-exet-3/#webpage","url":"http://www.kiehlturkey.com/index.php/urun/arenas-exet-3/","name":"Arenas-Exet 3 | K\u0130EHL","isPartOf":{"@id":"http://www.kiehlturkey.com/#website"},"primaryImageOfPage":{"@id":"http://www.kiehlturkey.com/index.php/urun/arenas-exet-3/#primaryimage"},"datePublished":"2021-02-27T18:16:09+00:00","dateModified":"2023-11-16T13:36:49+00:00","description":"Beyaz ve renkli \u00e7ama\u015f\u0131rlarda ki pas lekesini \u00e7\u0131karmak i\u00e7in \u00f6zel olarak tasarlanm\u0131\u015f bir \u00fcr\u00fcnd\u00fcr.","breadcrumb":{"@id":"http://www.kiehlturkey.com/index.php/urun/arenas-exet-3/#breadcrumb"},"inLanguage":"tr","potentialAction":[{"@type":"ReadAction","target":["http://www.kiehlturkey.com/index.php/urun/arenas-exet-3/"]}]},{"@type":"BreadcrumbList","@id":"http://www.kiehlturkey.com/index.php/urun/arenas-exet-3/#breadcrumb","itemListElement":[{"@type":"ListItem","position":1,"item":{"@type":"WebPage","@id":"http://www.kiehlturkey.com/","url":"http://www.kiehlturkey.com/","name":"Ana sayfa"}},{"@type":"ListItem","position":2,"item":{"@type":"WebPage","@id":"http://www.kiehlturkey.com/index.php/urunler/","url":"http://www.kiehlturkey.com/index.php/urunler/","name":"\u00dcr\u00fcnler"}},{"@type":"ListItem","position":3,"item":{"@type":"WebPage","@id":"http://www.kiehlturkey.com/index.php/urun/arenas-exet-3/","url":"http://www.kiehlturkey.com/index.php/urun/arenas-exet-3/","name":"Arenas-Exet 3"}}]}]}</script>
<!-- / Yoast SEO plugin. -->
