{"id":1505,"date":"2021-02-27T19:09:02","date_gmt":"2021-02-27T19:09:02","guid":{"rendered":"https:\/\/kiehl.mcsajans.com\/?post_type=product&#038;p=1505"},"modified":"2021-02-27T19:26:41","modified_gmt":"2021-02-27T19:26:41","slug":"verodur-satina","status":"publish","type":"product","link":"http:\/\/www.kiehlturkey.com\/index.php\/urun\/verodur-satina\/","title":{"rendered":"Verodur-satina"},"content":{"rendered":"<p><strong><span class=\"urun_text_02\">\u00d6zellikleri : <\/span><\/strong><span class=\"urun_text_02\">Satensi bir g\u00f6r\u00fcn\u00fcm sa\u011flayan polimer em\u00fclsiyonu. Huzur evleri gibi, \u00f6zellikle kaygan olmayan zeminlere ihtiya\u00e7 duyan yerler i\u00e7in dizayn edilmi\u015ftir. Verodur-satina, y\u00fcksek dolgu kapasitesi sayesinde, eskimi\u015f ve y\u0131pranm\u0131\u015f zemin y\u00fczeylerini bile birka\u00e7 katl\u0131k <\/span><span class=\"urun_text_02\">uygulamayla onar\u0131r. \u00d6zel form\u00fcl\u00fc sayesinde, ilk kat sadece k\u0131sa bir kuruma s\u00fcresini takiben uygulanabilir. \u00dcr\u00fcn yerinde bir uygulamayla, 0,4 and 0,5 \u03bc aras\u0131 bir zemin kayganl\u0131k de\u011ferini kolayl\u0131kla yakalar.<\/span><\/p>\n<p><strong><span class=\"urun_text_02\">\u0130\u00e7indekiler : <\/span><\/strong><span class=\"urun_text_02\">Anti-metalize polimer \u00e7\u00f6zeltileri, kat\u0131 polietilen mum, suda \u00e7\u00f6z\u00fcnebilen solventler, re\u00e7ine. pH-de\u011feri (konsantre): yakla\u015f\u0131k 8,5<\/span><\/p>\n<p><strong><span class=\"urun_text_02\">Kullan\u0131m Alanlar\u0131 : <\/span><\/strong>PVC, polyolefin, linolyum, do\u011fal emiciler, suni sert zeminler ve asfalt gibi, suya kar\u015f\u0131 mukavemeti y\u00fcksek, temizlenmi\u015f y\u00fczeylerde kullan\u0131ma uygundur. Verodur-satina&#8217;y\u0131 PU ve PE i\u00e7eren zeminlerde kullanmadan \u00f6nce yap\u0131\u015fkanl\u0131k testi uygulay\u0131n\u0131z.<\/p>\n<p><span class=\"urun_text_02\"><strong>Kullan\u0131m \u015eekli :<\/strong>\u00a0<\/span>Kullanmadan \u00f6nce iyice \u00e7alkalay\u0131n\u0131z! \u00dcr\u00fcn\u00fcn uygulanaca\u011f\u0131 y\u00fczeyi iyice<br \/>\ntemizledikten ve kuruttuktan sonra, \u00fcr\u00fcn\u00fc yumu\u015fak bir bez yard\u0131m\u0131yla ve seyreltmeden y\u00fczeye uygulay\u0131n. \u00dcr\u00fcn\u00fcn bez \u00fczerinde kurumas\u0131ndan ka\u00e7\u0131n\u0131lmal\u0131 ve bidon kullan\u0131mdan sonra hemen kapat\u0131lmal\u0131d\u0131r. En iyi sonucu almak i\u00e7in \u00fcr\u00fcn\u00fc sa\u00e7aks\u0131z bir pel\u00fc\u015f paspas ile uygulay\u0131n\u0131z.<\/p>\n<p><strong><span class=\"urun_text_02\">Ana temizli\u011fi yap\u0131lm\u0131\u015f y\u00fczeyler : <\/span><\/strong>Zemin malzemesinin emme g\u00fcc\u00fcne g\u00f6re takriben 30 dakikal\u0131k aral\u0131klarla 2-3 kez s\u00fcr\u00fcl\u00fcr. A\u015f\u0131r\u0131 emici y\u00fczeylerde, ilk kat i\u00e7in 40-45 ml\/m\u00b2 kullan\u0131lmas\u0131 tavsiye edilir.<\/p>\n","protected":false},"excerpt":{"rendered":"<h1>Verodur-satina<\/h1>\n<p><span class=\"urun_text_02\">Y\u00fcksek performansl\u0131 mat em\u00fclsiyon cilas\u0131<\/span><\/p>\n<p><span class=\"urun_text_02\"><strong>\u00d6zellikleri <\/strong>: Satensi bir g\u00f6r\u00fcn\u00fcm sa\u011flayan polimer em\u00fclsiyonu. Huzur evleri gibi, \u00f6zellikle kaygan olmayan zeminlere ihtiya\u00e7 duyan yerler i\u00e7in dizayn edilmi\u015ftir. Verodur-satina, y\u00fcksek dolgu kapasitesi sayesinde, eskimi\u015f ve y\u0131pranm\u0131\u015f zemin y\u00fczeylerini bile birka\u00e7 katl\u0131k uygulamayla onar\u0131r. \u00d6zel form\u00fcl\u00fc sayesinde, ilk kat sadece k\u0131sa bir kuruma s\u00fcresini takiben uygulanabilir. \u00dcr\u00fcn yerinde bir uygulamayla, 0,4 and 0,5 \u03bc aras\u0131 bir zemin kayganl\u0131k de\u011ferini kolayl\u0131kla yakalar.<br \/>\n<\/span><\/p>\n<hr \/>\n<p><img loading=\"lazy\" class=\"alignnone size-full wp-image-1457\" src=\"https:\/\/kiehl.mcsajans.com\/wp-content\/uploads\/2021\/02\/thermodur_icon.jpg\" alt=\"\" width=\"66\" height=\"67\" \/><\/p>\n<p><strong><span class=\"urun_text_02\">Metrekare ba\u015f\u0131na t\u00fcketim<\/span><\/strong><br \/>\nKaplama: Uygulama ba\u015f\u0131na 25-35 ml<\/p>\n<p><strong>Profesyonel kullan\u0131mlar i\u00e7indir!<\/strong><\/p>\n<p><strong>Paketleme<\/strong><br \/>\n10 litre bidon \u00dcr. No. j 20 10 10<\/p>\n<p>Donmaya kar\u015f\u0131 koruyunuz!<\/p>\n","protected":false},"featured_media":1516,"comment_status":"open","ping_status":"closed","template":"elementor_theme","meta":[],"yoast_head":"<!-- This site is optimized with the Yoast SEO plugin v15.9 - https:\/\/yoast.com\/wordpress\/plugins\/seo\/ -->\r\n<title>Verodur-satina | K\u0130EHL<\/title>\r\n<meta name=\"description\" content=\"Satensi bir g\u00f6r\u00fcn\u00fcm sa\u011flayan polimer em\u00fclsiyonu. Huzur evleri gibi, \u00f6zellikle kaygan olmayan zeminlere ihtiya\u00e7 duyan yerler i\u00e7in dizayn edilmi\u015ftir.\" \/>\r\n<meta name=\"robots\" content=\"index, follow, max-snippet:-1, max-image-preview:large, max-video-preview:-1\" \/>\r\n<link rel=\"canonical\" href=\"http:\/\/www.kiehlturkey.com\/index.php\/urun\/verodur-satina\/\" \/>\r\n<meta property=\"og:locale\" content=\"tr_TR\" \/>\r\n<meta property=\"og:type\" content=\"article\" \/>\r\n<meta property=\"og:title\" content=\"Verodur-satina | K\u0130EHL\" \/>\r\n<meta property=\"og:description\" content=\"Satensi bir g\u00f6r\u00fcn\u00fcm sa\u011flayan polimer em\u00fclsiyonu. Huzur evleri gibi, \u00f6zellikle kaygan olmayan zeminlere ihtiya\u00e7 duyan yerler i\u00e7in dizayn edilmi\u015ftir.\" \/>\r\n<meta property=\"og:url\" content=\"http:\/\/www.kiehlturkey.com\/index.php\/urun\/verodur-satina\/\" \/>\r\n<meta property=\"og:site_name\" content=\"K\u0130EHL\" \/>\r\n<meta property=\"article:modified_time\" content=\"2021-02-27T19:26:41+00:00\" \/>\r\n<meta property=\"og:image\" content=\"http:\/\/www.kiehlturkey.com\/wp-content\/uploads\/2021\/02\/thermodur-satina-1.jpg\" \/>\r\n\t<meta property=\"og:image:width\" content=\"500\" \/>\r\n\t<meta property=\"og:image:height\" content=\"500\" \/>\r\n<meta name=\"twitter:card\" content=\"summary_large_image\" \/>\r\n<meta name=\"twitter:label1\" content=\"Tahmini okuma s\u00fcresi\">\n\t<meta name=\"twitter:data1\" content=\"1 dakika\">\r\n<script type=\"application\/ld+json\" class=\"yoast-schema-graph\">{\"@context\":\"https:\/\/schema.org\",\"@graph\":[{\"@type\":\"WebSite\",\"@id\":\"http:\/\/www.kiehlturkey.com\/#website\",\"url\":\"http:\/\/www.kiehlturkey.com\/\",\"name\":\"K\\u0130EHL\",\"description\":\"die saubere L\\u00f6sung\",\"potentialAction\":[{\"@type\":\"SearchAction\",\"target\":\"http:\/\/www.kiehlturkey.com\/?s={search_term_string}\",\"query-input\":\"required name=search_term_string\"}],\"inLanguage\":\"tr\"},{\"@type\":\"ImageObject\",\"@id\":\"http:\/\/www.kiehlturkey.com\/index.php\/urun\/verodur-satina\/#primaryimage\",\"inLanguage\":\"tr\",\"url\":\"http:\/\/www.kiehlturkey.com\/wp-content\/uploads\/2021\/02\/thermodur-satina-1.jpg\",\"width\":500,\"height\":500},{\"@type\":\"WebPage\",\"@id\":\"http:\/\/www.kiehlturkey.com\/index.php\/urun\/verodur-satina\/#webpage\",\"url\":\"http:\/\/www.kiehlturkey.com\/index.php\/urun\/verodur-satina\/\",\"name\":\"Verodur-satina | K\\u0130EHL\",\"isPartOf\":{\"@id\":\"http:\/\/www.kiehlturkey.com\/#website\"},\"primaryImageOfPage\":{\"@id\":\"http:\/\/www.kiehlturkey.com\/index.php\/urun\/verodur-satina\/#primaryimage\"},\"datePublished\":\"2021-02-27T19:09:02+00:00\",\"dateModified\":\"2021-02-27T19:26:41+00:00\",\"description\":\"Satensi bir g\\u00f6r\\u00fcn\\u00fcm sa\\u011flayan polimer em\\u00fclsiyonu. Huzur evleri gibi, \\u00f6zellikle kaygan olmayan zeminlere ihtiya\\u00e7 duyan yerler i\\u00e7in dizayn edilmi\\u015ftir.\",\"breadcrumb\":{\"@id\":\"http:\/\/www.kiehlturkey.com\/index.php\/urun\/verodur-satina\/#breadcrumb\"},\"inLanguage\":\"tr\",\"potentialAction\":[{\"@type\":\"ReadAction\",\"target\":[\"http:\/\/www.kiehlturkey.com\/index.php\/urun\/verodur-satina\/\"]}]},{\"@type\":\"BreadcrumbList\",\"@id\":\"http:\/\/www.kiehlturkey.com\/index.php\/urun\/verodur-satina\/#breadcrumb\",\"itemListElement\":[{\"@type\":\"ListItem\",\"position\":1,\"item\":{\"@type\":\"WebPage\",\"@id\":\"http:\/\/www.kiehlturkey.com\/\",\"url\":\"http:\/\/www.kiehlturkey.com\/\",\"name\":\"Ana sayfa\"}},{\"@type\":\"ListItem\",\"position\":2,\"item\":{\"@type\":\"WebPage\",\"@id\":\"http:\/\/www.kiehlturkey.com\/index.php\/urunler\/\",\"url\":\"http:\/\/www.kiehlturkey.com\/index.php\/urunler\/\",\"name\":\"\\u00dcr\\u00fcnler\"}},{\"@type\":\"ListItem\",\"position\":3,\"item\":{\"@type\":\"WebPage\",\"@id\":\"http:\/\/www.kiehlturkey.com\/index.php\/urun\/verodur-satina\/\",\"url\":\"http:\/\/www.kiehlturkey.com\/index.php\/urun\/verodur-satina\/\",\"name\":\"Verodur-satina\"}}]}]}<\/script>\r\n<!-- \/ Yoast SEO plugin. -->","_links":{"self":[{"href":"http:\/\/www.kiehlturkey.com\/index.php\/wp-json\/wp\/v2\/product\/1505"}],"collection":[{"href":"http:\/\/www.kiehlturkey.com\/index.php\/wp-json\/wp\/v2\/product"}],"about":[{"href":"http:\/\/www.kiehlturkey.com\/index.php\/wp-json\/wp\/v2\/types\/product"}],"replies":[{"embeddable":true,"href":"http:\/\/www.kiehlturkey.com\/index.php\/wp-json\/wp\/v2\/comments?post=1505"}],"version-history":[{"count":8,"href":"http:\/\/www.kiehlturkey.com\/index.php\/wp-json\/wp\/v2\/product\/1505\/revisions"}],"predecessor-version":[{"id":1519,"href":"http:\/\/www.kiehlturkey.com\/index.php\/wp-json\/wp\/v2\/product\/1505\/revisions\/1519"}],"wp:featuredmedia":[{"embeddable":true,"href":"http:\/\/www.kiehlturkey.com\/index.php\/wp-json\/wp\/v2\/media\/1516"}],"wp:attachment":[{"href":"http:\/\/www.kiehlturkey.com\/index.php\/wp-json\/wp\/v2\/media?parent=1505"}],"curies":[{"name":"wp","href":"https:\/\/api.w.org\/{rel}","templated":true}]}}