{"id":1510,"date":"2021-02-27T19:16:09","date_gmt":"2021-02-27T19:16:09","guid":{"rendered":"https:\/\/kiehl.mcsajans.com\/?post_type=product&#038;p=1510"},"modified":"2021-02-27T19:33:49","modified_gmt":"2021-02-27T19:33:49","slug":"blutoxol","status":"publish","type":"product","link":"http:\/\/www.kiehlturkey.com\/index.php\/urun\/blutoxol\/","title":{"rendered":"Blutoxol"},"content":{"rendered":"<p><strong><span class=\"urun_text_02\">\u00d6zellikleri : <\/span><\/strong><span class=\"urun_text_02\">Alkali, h\u0131zl\u0131 etkili mutfak dezenfektan temizleyici. Alman Veterinerler Birli\u011fi&#8217;nin (DVG), 20\u00b0C ve 10\u00b0C \u0131s\u0131lardaki onay kriterlerini tamamen yerine getirir. Bu sebeple, Blutoxol so\u011fuk hava depolar\u0131 i\u00e7in de uygundur. \u0130\u00e7 ya\u011f\u0131, ya\u011f ve nebati ya da hayvansal bazl\u0131 proteinleri dezenfekte ve yok eder. Kokusuzdur. Salmonella&#8217;ya kar\u015f\u0131 etkilidir. EN 1040, EN 1275, EN 1276 ve EN 1650 \u015fartlar\u0131n\u0131 kar\u015f\u0131lar<\/span><span class=\"urun_text_02\"><br \/>\n<\/span><\/p>\n<p><strong>\u0130\u00e7indekiler : <\/strong>100 gram\u0131 i\u00e7in aktif madde miktarlar\u0131: 5 gr d\u00f6rtl\u00fc amonyum bile\u015fimi. Sair i\u00e7erik: non-iyonik y\u00fczey etkin maddeler &lt; 5%, organik ve inorganik tuzlar, NTA &lt; 5%, boyar maddeler. pH-de\u011feri (konsantre): yakla\u015f\u0131k 13 pH-de\u011feri (kullan\u0131ma haz\u0131r sol\u00fcsyon): yakla\u015f\u0131k 12,5<\/p>\n<p><span class=\"urun_text_02\"><strong>Kullan\u0131m Alanlar\u0131 :<\/strong>\u00a0<\/span>Kantin mutfaklar\u0131, kasap d\u00fckkanlar\u0131 ve mezbahalar, mand\u0131ralar, peynir mand\u0131ralar\u0131, ekmek f\u0131r\u0131nlar\u0131, benzin istasyonu d\u00fckkanlar\u0131 ve kafeteryalar gibi g\u0131da i\u015fleme alanlar\u0131ndaki suya ve alkalilere dayan\u0131kl\u0131 zeminler, duvarlar ve \u00e7al\u0131\u015fma tezgahlar\u0131nda kullan\u0131ma uygundur. Linolyum ve su bazl\u0131 vernik gibi alkalilere duyarl\u0131 y\u00fczeylerde kullan\u0131ma uygun de\u011fildir.<\/p>\n<p><strong><span class=\"urun_text_02\">K\u00f6p\u00fck p\u00fcsk\u00fcrtme y\u00f6ntemi :<\/span><\/strong>\u00a01 \u00f6l\u00e7ek (\u00f6l\u00e7ek kapa\u011f\u0131) = 25 ml 500 ml&#8217;lik k\u00f6p\u00fck p\u00fcsk\u00fcrtme \u015fi\u015fesini \u00e7izgiye kadar so\u011fuk suyla doldurun ve 1 \u00f6l\u00e7ekBlutoxol ekleyin. Temizleme sol\u00fcsyonunu bir bezin ya da mikro lifli bezin \u00fczerine d\u00f6k\u00fcn ve y\u00fczeyi silin. Kirli bezi suyla durulay\u0131n. G\u0131dalarla do\u011frudan temasta bulunan y\u00fczeyler dezenfeksiyondan sonra i\u00e7me suyuyla durulanmal\u0131d\u0131r (m\u00b2 ba\u015f\u0131na 8 litre). \u0130\u00e7ya\u011f\u0131 veya proteinlerin temizli\u011fi i\u00e7in, Blutoxol&#8217;\u00fc istenen miktarda so\u011fuk suyla seyreltin. Zemini makine ile temizlerken sol\u00fcsyon tank\u0131ndan s\u0131cak su ekleyin.<\/p>\n<p><img loading=\"lazy\" class=\"alignnone size-full wp-image-1489\" src=\"https:\/\/kiehl.mcsajans.com\/wp-content\/uploads\/2021\/02\/tahris.jpg\" alt=\"\" width=\"69\" height=\"79\" \/> R 38 Deriyi tahri\u015f eder.<br \/>\nR 41 G\u00f6zlere ciddi zararlar verme riski.<br \/>\nS 24\/25 Deri ve g\u00f6zlere temas etmemesine dikkat ediniz.<br \/>\nS 37\/39 Uygun eldiven ve g\u00f6z \/ y\u00fcz koruyucu ekipmanlar kullan\u0131n\u0131z. Alkali sol\u00fcsyonlar\u0131 i\u00e7erir.<\/p>\n","protected":false},"excerpt":{"rendered":"<h1>Blutoxol<\/h1>\n<p><strong>G\u0131da alanlar\u0131 i\u00e7in likit konsantre dezenfektan temizleyici<\/strong><\/p>\n<p><span class=\"urun_text_02\"><strong>\u00d6zellikleri <\/strong>: Alkali, h\u0131zl\u0131 etkili mutfak dezenfektan temizleyici. Alman Veterinerler Birli\u011fi&#8217;nin (DVG), 20\u00b0C ve 10\u00b0C \u0131s\u0131lardaki onay kriterlerini tamamen yerine getirir. Bu sebeple, Blutoxol so\u011fuk hava depolar\u0131 i\u00e7in de uygundur. \u0130\u00e7 ya\u011f\u0131, ya\u011f ve nebati ya da hayvansal bazl\u0131 proteinleri dezenfekte ve yok eder. Kokusuzdur. Salmonella&#8217;ya kar\u015f\u0131 etkilidir. EN 1040, EN 1275, EN 1276 ve EN 1650 \u015fartlar\u0131n\u0131 kar\u015f\u0131lar.<\/span><\/p>\n<hr \/>\n<p><strong><span class=\"urun_text_02\">Metrekare ba\u015f\u0131na t\u00fcketim<\/span><\/strong><br \/>\nDezenfeksiyon temizli\u011fi: Uygulama konsantrasyonuna g\u00f6re 0,4-3,6 ml<br \/>\nTemizleme makineleriyle dezenfeksiyon:<br \/>\n16 ml K\u00fcp\u00fck p\u00fcsk\u00fcrtme y\u00f6ntemi: 0,3-1 ml<\/p>\n<p><strong>Profesyonel kullan\u0131mlar i\u00e7indir!<\/strong><\/p>\n<p><strong>Paketleme :<\/strong> 6 x 1 litre \u00f6l\u00e7ek \u015fi\u015felik koli \u00dcr. No. j 55 03 02<br \/>\n3 x 2 litre \u015fi\u015felik koli \u00dcr. No. j 55 03 08<br \/>\n10 litre bidon \u00dcr. No. j 55 03 10<br \/>\n200 litre varil \u00dcr. No. j 55 03 72<br \/>\n6 x 500 ml k\u00f6p\u00fck p\u00fcsk\u00fcrt\u00fcc\u00fcl\u00fc bo\u015f \u015fi\u015felik koli \u00dcr. No. z 01 23 73<br \/>\nKiehl-DosiExpress 25 ml \u00dcr. No. z 12 15 12<\/p>\n<p><img loading=\"lazy\" class=\"alignnone size-full wp-image-1520\" src=\"https:\/\/kiehl.mcsajans.com\/wp-content\/uploads\/2021\/02\/blutoxol.jpg\" alt=\"\" width=\"174\" height=\"120\" \/><\/p>\n","protected":false},"featured_media":1523,"comment_status":"open","ping_status":"closed","template":"elementor_theme","meta":[],"yoast_head":"<!-- This site is optimized with the Yoast SEO plugin v15.9 - https:\/\/yoast.com\/wordpress\/plugins\/seo\/ -->\r\n<title>Blutoxol | K\u0130EHL<\/title>\r\n<meta name=\"description\" content=\"Alkali, h\u0131zl\u0131 etkili mutfak dezenfektan temizleyici.\" \/>\r\n<meta name=\"robots\" content=\"index, follow, max-snippet:-1, max-image-preview:large, max-video-preview:-1\" \/>\r\n<link rel=\"canonical\" href=\"http:\/\/www.kiehlturkey.com\/index.php\/urun\/blutoxol\/\" \/>\r\n<meta property=\"og:locale\" content=\"tr_TR\" \/>\r\n<meta property=\"og:type\" content=\"article\" \/>\r\n<meta property=\"og:title\" content=\"Blutoxol | K\u0130EHL\" \/>\r\n<meta property=\"og:description\" content=\"Alkali, h\u0131zl\u0131 etkili mutfak dezenfektan temizleyici.\" \/>\r\n<meta property=\"og:url\" content=\"http:\/\/www.kiehlturkey.com\/index.php\/urun\/blutoxol\/\" \/>\r\n<meta property=\"og:site_name\" content=\"K\u0130EHL\" \/>\r\n<meta property=\"article:modified_time\" content=\"2021-02-27T19:33:49+00:00\" \/>\r\n<meta property=\"og:image\" content=\"http:\/\/www.kiehlturkey.com\/wp-content\/uploads\/2021\/02\/Untitled-1-9.jpg\" \/>\r\n\t<meta property=\"og:image:width\" content=\"500\" \/>\r\n\t<meta property=\"og:image:height\" content=\"500\" \/>\r\n<meta name=\"twitter:card\" content=\"summary_large_image\" \/>\r\n<meta name=\"twitter:label1\" content=\"Tahmini okuma s\u00fcresi\">\n\t<meta name=\"twitter:data1\" content=\"2 dakika\">\r\n<script type=\"application\/ld+json\" class=\"yoast-schema-graph\">{\"@context\":\"https:\/\/schema.org\",\"@graph\":[{\"@type\":\"WebSite\",\"@id\":\"http:\/\/www.kiehlturkey.com\/#website\",\"url\":\"http:\/\/www.kiehlturkey.com\/\",\"name\":\"K\\u0130EHL\",\"description\":\"die saubere L\\u00f6sung\",\"potentialAction\":[{\"@type\":\"SearchAction\",\"target\":\"http:\/\/www.kiehlturkey.com\/?s={search_term_string}\",\"query-input\":\"required name=search_term_string\"}],\"inLanguage\":\"tr\"},{\"@type\":\"ImageObject\",\"@id\":\"http:\/\/www.kiehlturkey.com\/index.php\/urun\/blutoxol\/#primaryimage\",\"inLanguage\":\"tr\",\"url\":\"http:\/\/www.kiehlturkey.com\/wp-content\/uploads\/2021\/02\/Untitled-1-9.jpg\",\"width\":500,\"height\":500},{\"@type\":\"WebPage\",\"@id\":\"http:\/\/www.kiehlturkey.com\/index.php\/urun\/blutoxol\/#webpage\",\"url\":\"http:\/\/www.kiehlturkey.com\/index.php\/urun\/blutoxol\/\",\"name\":\"Blutoxol | K\\u0130EHL\",\"isPartOf\":{\"@id\":\"http:\/\/www.kiehlturkey.com\/#website\"},\"primaryImageOfPage\":{\"@id\":\"http:\/\/www.kiehlturkey.com\/index.php\/urun\/blutoxol\/#primaryimage\"},\"datePublished\":\"2021-02-27T19:16:09+00:00\",\"dateModified\":\"2021-02-27T19:33:49+00:00\",\"description\":\"Alkali, h\\u0131zl\\u0131 etkili mutfak dezenfektan temizleyici.\",\"breadcrumb\":{\"@id\":\"http:\/\/www.kiehlturkey.com\/index.php\/urun\/blutoxol\/#breadcrumb\"},\"inLanguage\":\"tr\",\"potentialAction\":[{\"@type\":\"ReadAction\",\"target\":[\"http:\/\/www.kiehlturkey.com\/index.php\/urun\/blutoxol\/\"]}]},{\"@type\":\"BreadcrumbList\",\"@id\":\"http:\/\/www.kiehlturkey.com\/index.php\/urun\/blutoxol\/#breadcrumb\",\"itemListElement\":[{\"@type\":\"ListItem\",\"position\":1,\"item\":{\"@type\":\"WebPage\",\"@id\":\"http:\/\/www.kiehlturkey.com\/\",\"url\":\"http:\/\/www.kiehlturkey.com\/\",\"name\":\"Ana sayfa\"}},{\"@type\":\"ListItem\",\"position\":2,\"item\":{\"@type\":\"WebPage\",\"@id\":\"http:\/\/www.kiehlturkey.com\/index.php\/urunler\/\",\"url\":\"http:\/\/www.kiehlturkey.com\/index.php\/urunler\/\",\"name\":\"\\u00dcr\\u00fcnler\"}},{\"@type\":\"ListItem\",\"position\":3,\"item\":{\"@type\":\"WebPage\",\"@id\":\"http:\/\/www.kiehlturkey.com\/index.php\/urun\/blutoxol\/\",\"url\":\"http:\/\/www.kiehlturkey.com\/index.php\/urun\/blutoxol\/\",\"name\":\"Blutoxol\"}}]}]}<\/script>\r\n<!-- \/ Yoast SEO plugin. -->","_links":{"self":[{"href":"http:\/\/www.kiehlturkey.com\/index.php\/wp-json\/wp\/v2\/product\/1510"}],"collection":[{"href":"http:\/\/www.kiehlturkey.com\/index.php\/wp-json\/wp\/v2\/product"}],"about":[{"href":"http:\/\/www.kiehlturkey.com\/index.php\/wp-json\/wp\/v2\/types\/product"}],"replies":[{"embeddable":true,"href":"http:\/\/www.kiehlturkey.com\/index.php\/wp-json\/wp\/v2\/comments?post=1510"}],"version-history":[{"count":1,"href":"http:\/\/www.kiehlturkey.com\/index.php\/wp-json\/wp\/v2\/product\/1510\/revisions"}],"predecessor-version":[{"id":1524,"href":"http:\/\/www.kiehlturkey.com\/index.php\/wp-json\/wp\/v2\/product\/1510\/revisions\/1524"}],"wp:featuredmedia":[{"embeddable":true,"href":"http:\/\/www.kiehlturkey.com\/index.php\/wp-json\/wp\/v2\/media\/1523"}],"wp:attachment":[{"href":"http:\/\/www.kiehlturkey.com\/index.php\/wp-json\/wp\/v2\/media?parent=1510"}],"curies":[{"name":"wp","href":"https:\/\/api.w.org\/{rel}","templated":true}]}}