{"id":1594,"date":"2021-02-27T20:30:45","date_gmt":"2021-02-27T20:30:45","guid":{"rendered":"https:\/\/kiehl.mcsajans.com\/?post_type=product&#038;p=1594"},"modified":"2021-02-27T20:36:53","modified_gmt":"2021-02-27T20:36:53","slug":"tablefit","status":"publish","type":"product","link":"http:\/\/www.kiehlturkey.com\/index.php\/urun\/tablefit\/","title":{"rendered":"Tablefit"},"content":{"rendered":"<p><strong><span class=\"urun_text_02\">\u00d6zellikleri : <\/span><\/strong><span class=\"urun_text_02\">Y\u00fcksek \u00e7\u00f6z\u00fclebilirli\u011fe sahip, g\u00fc\u00e7l\u00fc sprey temizleyici. \u0130nat\u00e7\u0131 kirleri solventlere diren\u00e7li y\u00fczeylerden zahmetsizce \u00e7\u0131kar\u0131r. Genel temizlik ama\u00e7l\u0131 olarak yine spreyli bir \u00fcr\u00fcn <\/span><span class=\"urun_text_02\">olan Profless Konsantre&#8217;yi tavsiye ederiz. Tablefit ho\u015f bir kokuya sahiptir.<\/span><\/p>\n<p><strong><span class=\"urun_text_02\">\u0130\u00e7indekiler : <\/span><\/strong><span class=\"urun_text_02\">Aniyonik y\u00fczey etkin maddeler &lt; 5%, suda \u00e7\u00f6z\u00fcnebilen solventler, esanslar. <\/span><span class=\"urun_text_02\">pH-de\u011feri (konsantre): yakla\u015f\u0131k 9,5<\/span><span class=\"urun_text_02\"><br \/>\n<\/span><\/p>\n<p><strong><span class=\"urun_text_02\">Kullan\u0131m Alanlar\u0131 : <\/span><\/strong><span class=\"urun_text_02\">Solventlere diren\u00e7li plastik ya da plastik kaplama, paslanmaz \u00e7elik, al\u00fcminyum ve anotlu al\u00fcminyum y\u00fczeylerdeki kur\u015funkalem, t\u00fckenmez kalem, m\u00fcrekkep ve ke\u00e7eli kalem lekeleri ile inat\u00e7\u0131 etiketleri \u00e7\u0131kar\u0131r. \u00d6zel telefon kasalar\u0131, bilgisayar klavyeleri ya da LCD ekranlar gibi ABS plastik i\u00e7eren y\u00fczeylerde kullan\u0131ma uygun de\u011fildir. Bu tip plastikler genellikle &#8220;ABS&#8221; olarak i\u015faretlenir. \u00dcr\u00fcn kazara b\u00f6yle bir y\u00fczeye d\u00f6k\u00fcl\u00fcrse, y\u00fczeyi hemen silin ve bir bezle kurulay\u0131n. Bu materyalin zarar g\u00f6rmesini \u00f6nleyecektir.<\/span><strong><span class=\"urun_text_02\"><br \/>\n<\/span><\/strong><\/p>\n<p><strong>Uyar\u0131! Solventlere duyarl\u0131 vernikli ve kaplamal\u0131 (su bazl\u0131) mobilyalar Tablefit&#8217;den zarar g\u00f6r\u00fcr.<\/strong><\/p>\n<p><span class=\"urun_text_02\"><strong>Kullan\u0131m \u015eekli :<\/strong>\u00a0<\/span>\u0130lk uygulamadan \u00f6nce k\u00fc\u00e7\u00fck bir b\u00f6lgeyi solventlere diren\u00e7li olup olmad\u0131\u011f\u0131n\u0131<br \/>\ng\u00f6rmek i\u00e7in test ediniz.<\/p>\n<p><strong><span class=\"urun_text_02\">Y\u00fczey temizli\u011fi :<\/span><\/strong>\u00a0Tablefit&#8217;i bir bezin \u00fczerine s\u0131k\u0131n. Y\u00fczeyi iyice silin ve geride art\u0131k kalmayacak \u015fekilde ovalayarak kurulay\u0131n. \u00dcr\u00fcn\u00fc do\u011frudan y\u00fczeyin \u00fczerine de\u011fil, bir bez \u00fczerine s\u0131karak kullan\u0131n. Sprey \u015fi\u015fesini 5 litrelik musluklu tenekeden tekrar doldurabilirsiniz.<\/p>\n<p><strong><span class=\"urun_text_02\">Uyar\u0131 :<\/span><\/strong> Kiehl \u00fcr\u00fcn\u00fcn usule uygun olmayan kullan\u0131m\u0131 ve bundan do\u011facak zararlar i\u00e7in hi\u00e7bir sorumlulu\u011fu kabul etmez.<\/p>\n","protected":false},"excerpt":{"rendered":"<h1 class=\"detail-productname\">Tablefit<\/h1>\n<p><span class=\"urun_text_02\">Plastik ve s\u0131ra temizleyici<\/span><\/p>\n<p><span class=\"urun_text_02\"><strong>\u00d6zellikleri <\/strong>: Y\u00fcksek \u00e7\u00f6z\u00fclebilirli\u011fe sahip, g\u00fc\u00e7l\u00fc sprey temizleyici. \u0130nat\u00e7\u0131 kirleri solventlere diren\u00e7li y\u00fczeylerden zahmetsizce \u00e7\u0131kar\u0131r. Genel temizlik ama\u00e7l\u0131 olarak yine spreyli bir \u00fcr\u00fcn olan Profless Konsantre&#8217;yi tavsiye ederiz. Tablefit ho\u015f bir kokuya sahiptir.<\/span><\/p>\n<p>&nbsp;<\/p>\n<p>&nbsp;<\/p>\n<p>&nbsp;<\/p>\n<hr \/>\n<p><img loading=\"lazy\" class=\"alignnone size-full wp-image-1599\" src=\"https:\/\/kiehl.mcsajans.com\/wp-content\/uploads\/2021\/02\/tablefit_icon.jpg\" alt=\"\" width=\"141\" height=\"67\" \/><\/p>\n<p><strong><span class=\"urun_text_02\">Metrekare ba\u015f\u0131na t\u00fcketim<\/span><\/strong><br \/>\nY\u00fczey temizli\u011fi: 2 ml<\/p>\n<p><strong>Profesyonel kullan\u0131mlar i\u00e7indir!<\/strong><\/p>\n<p><strong>Paketleme<\/strong><\/p>\n<p>6 x 500 ml tekrar doldurulabilir sprey \u015fi\u015fe \u00dcr. No. j 50 01 45<br \/>\n2 x 5 litre bidon \u00dcr. No. j 50 01 05<br \/>\n200 litre varil \u00dcr. No. j 50 01 72<\/p>\n","protected":false},"featured_media":1598,"comment_status":"open","ping_status":"closed","template":"elementor_theme","meta":[],"yoast_head":"<!-- This site is optimized with the Yoast SEO plugin v15.9 - https:\/\/yoast.com\/wordpress\/plugins\/seo\/ -->\r\n<title>Tablefit | K\u0130EHL<\/title>\r\n<meta name=\"description\" content=\"Y\u00fcksek \u00e7\u00f6z\u00fclebilirli\u011fe sahip, g\u00fc\u00e7l\u00fc sprey temizleyici. \u0130nat\u00e7\u0131 kirleri solventlere diren\u00e7li y\u00fczeylerden zahmetsizce \u00e7\u0131kar\u0131r.\" \/>\r\n<meta name=\"robots\" content=\"index, follow, max-snippet:-1, max-image-preview:large, max-video-preview:-1\" \/>\r\n<link rel=\"canonical\" href=\"http:\/\/www.kiehlturkey.com\/index.php\/urun\/tablefit\/\" \/>\r\n<meta property=\"og:locale\" content=\"tr_TR\" \/>\r\n<meta property=\"og:type\" content=\"article\" \/>\r\n<meta property=\"og:title\" content=\"Tablefit | K\u0130EHL\" \/>\r\n<meta property=\"og:description\" content=\"Y\u00fcksek \u00e7\u00f6z\u00fclebilirli\u011fe sahip, g\u00fc\u00e7l\u00fc sprey temizleyici. \u0130nat\u00e7\u0131 kirleri solventlere diren\u00e7li y\u00fczeylerden zahmetsizce \u00e7\u0131kar\u0131r.\" \/>\r\n<meta property=\"og:url\" content=\"http:\/\/www.kiehlturkey.com\/index.php\/urun\/tablefit\/\" \/>\r\n<meta property=\"og:site_name\" content=\"K\u0130EHL\" \/>\r\n<meta property=\"article:modified_time\" content=\"2021-02-27T20:36:53+00:00\" \/>\r\n<meta property=\"og:image\" content=\"http:\/\/www.kiehlturkey.com\/wp-content\/uploads\/2021\/02\/tablefit.jpg\" \/>\r\n\t<meta property=\"og:image:width\" content=\"500\" \/>\r\n\t<meta property=\"og:image:height\" content=\"500\" \/>\r\n<meta name=\"twitter:card\" content=\"summary_large_image\" \/>\r\n<meta name=\"twitter:label1\" content=\"Tahmini okuma s\u00fcresi\">\n\t<meta name=\"twitter:data1\" content=\"1 dakika\">\r\n<script type=\"application\/ld+json\" class=\"yoast-schema-graph\">{\"@context\":\"https:\/\/schema.org\",\"@graph\":[{\"@type\":\"WebSite\",\"@id\":\"http:\/\/www.kiehlturkey.com\/#website\",\"url\":\"http:\/\/www.kiehlturkey.com\/\",\"name\":\"K\\u0130EHL\",\"description\":\"die saubere L\\u00f6sung\",\"potentialAction\":[{\"@type\":\"SearchAction\",\"target\":\"http:\/\/www.kiehlturkey.com\/?s={search_term_string}\",\"query-input\":\"required name=search_term_string\"}],\"inLanguage\":\"tr\"},{\"@type\":\"ImageObject\",\"@id\":\"http:\/\/www.kiehlturkey.com\/index.php\/urun\/tablefit\/#primaryimage\",\"inLanguage\":\"tr\",\"url\":\"http:\/\/www.kiehlturkey.com\/wp-content\/uploads\/2021\/02\/tablefit.jpg\",\"width\":500,\"height\":500},{\"@type\":\"WebPage\",\"@id\":\"http:\/\/www.kiehlturkey.com\/index.php\/urun\/tablefit\/#webpage\",\"url\":\"http:\/\/www.kiehlturkey.com\/index.php\/urun\/tablefit\/\",\"name\":\"Tablefit | K\\u0130EHL\",\"isPartOf\":{\"@id\":\"http:\/\/www.kiehlturkey.com\/#website\"},\"primaryImageOfPage\":{\"@id\":\"http:\/\/www.kiehlturkey.com\/index.php\/urun\/tablefit\/#primaryimage\"},\"datePublished\":\"2021-02-27T20:30:45+00:00\",\"dateModified\":\"2021-02-27T20:36:53+00:00\",\"description\":\"Y\\u00fcksek \\u00e7\\u00f6z\\u00fclebilirli\\u011fe sahip, g\\u00fc\\u00e7l\\u00fc sprey temizleyici. \\u0130nat\\u00e7\\u0131 kirleri solventlere diren\\u00e7li y\\u00fczeylerden zahmetsizce \\u00e7\\u0131kar\\u0131r.\",\"breadcrumb\":{\"@id\":\"http:\/\/www.kiehlturkey.com\/index.php\/urun\/tablefit\/#breadcrumb\"},\"inLanguage\":\"tr\",\"potentialAction\":[{\"@type\":\"ReadAction\",\"target\":[\"http:\/\/www.kiehlturkey.com\/index.php\/urun\/tablefit\/\"]}]},{\"@type\":\"BreadcrumbList\",\"@id\":\"http:\/\/www.kiehlturkey.com\/index.php\/urun\/tablefit\/#breadcrumb\",\"itemListElement\":[{\"@type\":\"ListItem\",\"position\":1,\"item\":{\"@type\":\"WebPage\",\"@id\":\"http:\/\/www.kiehlturkey.com\/\",\"url\":\"http:\/\/www.kiehlturkey.com\/\",\"name\":\"Ana sayfa\"}},{\"@type\":\"ListItem\",\"position\":2,\"item\":{\"@type\":\"WebPage\",\"@id\":\"http:\/\/www.kiehlturkey.com\/index.php\/urunler\/\",\"url\":\"http:\/\/www.kiehlturkey.com\/index.php\/urunler\/\",\"name\":\"\\u00dcr\\u00fcnler\"}},{\"@type\":\"ListItem\",\"position\":3,\"item\":{\"@type\":\"WebPage\",\"@id\":\"http:\/\/www.kiehlturkey.com\/index.php\/urun\/tablefit\/\",\"url\":\"http:\/\/www.kiehlturkey.com\/index.php\/urun\/tablefit\/\",\"name\":\"Tablefit\"}}]}]}<\/script>\r\n<!-- \/ Yoast SEO plugin. -->","_links":{"self":[{"href":"http:\/\/www.kiehlturkey.com\/index.php\/wp-json\/wp\/v2\/product\/1594"}],"collection":[{"href":"http:\/\/www.kiehlturkey.com\/index.php\/wp-json\/wp\/v2\/product"}],"about":[{"href":"http:\/\/www.kiehlturkey.com\/index.php\/wp-json\/wp\/v2\/types\/product"}],"replies":[{"embeddable":true,"href":"http:\/\/www.kiehlturkey.com\/index.php\/wp-json\/wp\/v2\/comments?post=1594"}],"version-history":[{"count":3,"href":"http:\/\/www.kiehlturkey.com\/index.php\/wp-json\/wp\/v2\/product\/1594\/revisions"}],"predecessor-version":[{"id":1603,"href":"http:\/\/www.kiehlturkey.com\/index.php\/wp-json\/wp\/v2\/product\/1594\/revisions\/1603"}],"wp:featuredmedia":[{"embeddable":true,"href":"http:\/\/www.kiehlturkey.com\/index.php\/wp-json\/wp\/v2\/media\/1598"}],"wp:attachment":[{"href":"http:\/\/www.kiehlturkey.com\/index.php\/wp-json\/wp\/v2\/media?parent=1594"}],"curies":[{"name":"wp","href":"https:\/\/api.w.org\/{rel}","templated":true}]}}