{"id":1597,"date":"2021-02-27T20:32:50","date_gmt":"2021-02-27T20:32:50","guid":{"rendered":"https:\/\/kiehl.mcsajans.com\/?post_type=product&#038;p=1597"},"modified":"2021-02-27T20:36:50","modified_gmt":"2021-02-27T20:36:50","slug":"entschaumer","status":"publish","type":"product","link":"http:\/\/www.kiehlturkey.com\/index.php\/urun\/entschaumer\/","title":{"rendered":"Entsch\u00e4umer"},"content":{"rendered":"<p><strong><span class=\"urun_text_02\">\u00d6zellikleri :<\/span><\/strong><span class=\"urun_text_02\"> K\u00f6p\u00fck giderici konsantre, hem so\u011fuk hem de s\u0131cak su ile kullan\u0131labilecek \u015fekilde dizayn edilmi\u015ftir. Y\u0131kama makinelerindeki fazla k\u00f6p\u00fck olu\u015fumunu engeller.<\/span><span class=\"urun_text_02\"><br \/>\n<\/span><\/p>\n<p><strong>\u0130\u00e7indekiler : <\/strong>Slikon ya\u011f em\u00fclsiyonu, koruyucular (benzisothiazolinone). pH-de\u011feri (konsantre): yakla\u015f\u0131k 10<\/p>\n<p><span class=\"urun_text_02\"><strong>Kullan\u0131m Alanlar\u0131 :<\/strong> Islak-kuru elektrikli s\u00fcp\u00fcrgeler, y\u0131kay\u0131c\u0131-kurutucular ve p\u00fcsk\u00fcrtme-vakumlama makineleri i\u00e7indeki kirli sol\u00fcsyonun k\u00f6p\u00fc\u011f\u00fcn\u00fcn giderilmesi i\u00e7indir.<\/span><\/p>\n<p><span class=\"urun_text_02\"><strong>Kullan\u0131m \u015eekli :<\/strong> Kullanmadan \u00f6nce iyice \u00e7alkalay\u0131n\u0131z! Makine \u00e7al\u0131\u015f\u0131r haldeyken vakum hortumunun i\u00e7ine az bir miktar k\u00f6p\u00fck giderici s\u0131k\u0131n. Daha b\u00fcy\u00fck makineler i\u00e7in, tank\u0131n b\u00fcy\u00fckl\u00fc\u011f\u00fcne ba\u011fl\u0131 olarak 100-200 ml \u00fcr\u00fcn\u00fc 1-2 litre suyla seyreltin ve sol\u00fcsyonu kirli su tank\u0131n\u0131n i\u00e7ine d\u00f6k\u00fcn. Ayn\u0131 uygulamay\u0131 tank\u0131 bo\u015faltt\u0131ktan sonra tekrarlay\u0131n.<\/span><\/p>\n<p>&nbsp;<\/p>\n","protected":false},"excerpt":{"rendered":"<h1>Entsch\u00e4umer<\/h1>\n<p><strong>K\u00f6p\u00fck giderici<\/strong><\/p>\n<p><span class=\"urun_text_02\"><strong>\u00d6zellikleri <\/strong>: K\u00f6p\u00fck giderici konsantre, hem so\u011fuk hem de s\u0131cak su ile kullan\u0131labilecek \u015fekilde dizayn edilmi\u015ftir. Y\u0131kama makinelerindeki fazla k\u00f6p\u00fck olu\u015fumunu engeller.<br \/>\n<\/span><\/p>\n<p>&nbsp;<\/p>\n<hr \/>\n<p><strong><span class=\"urun_text_02\">Metrekare ba\u015f\u0131na t\u00fcketim<\/span><\/strong><br \/>\nUygulamaya g\u00f6re farkl\u0131l\u0131k g\u00f6sterir.<\/p>\n<p><strong>Profesyonel kullan\u0131mlar i\u00e7indir!<\/strong><\/p>\n<p><strong><span class=\"urun_text_02\">Paketleme<\/span><\/strong><br \/>\n6 x 1 litre \u015fi\u015felik koli \u00dcr. No. j 60 03 01<\/p>\n<p><strong>Donmaya kar\u015f\u0131 koruyunuz!<\/strong><\/p>\n<p>&nbsp;<\/p>\n","protected":false},"featured_media":1601,"comment_status":"open","ping_status":"closed","template":"elementor_theme","meta":[],"yoast_head":"<!-- This site is optimized with the Yoast SEO plugin v15.9 - https:\/\/yoast.com\/wordpress\/plugins\/seo\/ -->\r\n<title>Entsch\u00e4umer | K\u0130EHL<\/title>\r\n<meta name=\"description\" content=\"K\u00f6p\u00fck giderici konsantre, hem so\u011fuk hem de s\u0131cak su ile kullan\u0131labilecek \u015fekilde dizayn edilmi\u015ftir.\" \/>\r\n<meta name=\"robots\" content=\"index, follow, max-snippet:-1, max-image-preview:large, max-video-preview:-1\" \/>\r\n<link rel=\"canonical\" href=\"http:\/\/www.kiehlturkey.com\/index.php\/urun\/entschaumer\/\" \/>\r\n<meta property=\"og:locale\" content=\"tr_TR\" \/>\r\n<meta property=\"og:type\" content=\"article\" \/>\r\n<meta property=\"og:title\" content=\"Entsch\u00e4umer | K\u0130EHL\" \/>\r\n<meta property=\"og:description\" content=\"K\u00f6p\u00fck giderici konsantre, hem so\u011fuk hem de s\u0131cak su ile kullan\u0131labilecek \u015fekilde dizayn edilmi\u015ftir.\" \/>\r\n<meta property=\"og:url\" content=\"http:\/\/www.kiehlturkey.com\/index.php\/urun\/entschaumer\/\" \/>\r\n<meta property=\"og:site_name\" content=\"K\u0130EHL\" \/>\r\n<meta property=\"article:modified_time\" content=\"2021-02-27T20:36:50+00:00\" \/>\r\n<meta property=\"og:image\" content=\"http:\/\/www.kiehlturkey.com\/wp-content\/uploads\/2021\/02\/Untitled-1-18.jpg\" \/>\r\n\t<meta property=\"og:image:width\" content=\"500\" \/>\r\n\t<meta property=\"og:image:height\" content=\"500\" \/>\r\n<meta name=\"twitter:card\" content=\"summary_large_image\" \/>\r\n<meta name=\"twitter:label1\" content=\"Tahmini okuma s\u00fcresi\">\n\t<meta name=\"twitter:data1\" content=\"1 dakika\">\r\n<script type=\"application\/ld+json\" class=\"yoast-schema-graph\">{\"@context\":\"https:\/\/schema.org\",\"@graph\":[{\"@type\":\"WebSite\",\"@id\":\"http:\/\/www.kiehlturkey.com\/#website\",\"url\":\"http:\/\/www.kiehlturkey.com\/\",\"name\":\"K\\u0130EHL\",\"description\":\"die saubere L\\u00f6sung\",\"potentialAction\":[{\"@type\":\"SearchAction\",\"target\":\"http:\/\/www.kiehlturkey.com\/?s={search_term_string}\",\"query-input\":\"required name=search_term_string\"}],\"inLanguage\":\"tr\"},{\"@type\":\"ImageObject\",\"@id\":\"http:\/\/www.kiehlturkey.com\/index.php\/urun\/entschaumer\/#primaryimage\",\"inLanguage\":\"tr\",\"url\":\"http:\/\/www.kiehlturkey.com\/wp-content\/uploads\/2021\/02\/Untitled-1-18.jpg\",\"width\":500,\"height\":500},{\"@type\":\"WebPage\",\"@id\":\"http:\/\/www.kiehlturkey.com\/index.php\/urun\/entschaumer\/#webpage\",\"url\":\"http:\/\/www.kiehlturkey.com\/index.php\/urun\/entschaumer\/\",\"name\":\"Entsch\\u00e4umer | K\\u0130EHL\",\"isPartOf\":{\"@id\":\"http:\/\/www.kiehlturkey.com\/#website\"},\"primaryImageOfPage\":{\"@id\":\"http:\/\/www.kiehlturkey.com\/index.php\/urun\/entschaumer\/#primaryimage\"},\"datePublished\":\"2021-02-27T20:32:50+00:00\",\"dateModified\":\"2021-02-27T20:36:50+00:00\",\"description\":\"K\\u00f6p\\u00fck giderici konsantre, hem so\\u011fuk hem de s\\u0131cak su ile kullan\\u0131labilecek \\u015fekilde dizayn edilmi\\u015ftir.\",\"breadcrumb\":{\"@id\":\"http:\/\/www.kiehlturkey.com\/index.php\/urun\/entschaumer\/#breadcrumb\"},\"inLanguage\":\"tr\",\"potentialAction\":[{\"@type\":\"ReadAction\",\"target\":[\"http:\/\/www.kiehlturkey.com\/index.php\/urun\/entschaumer\/\"]}]},{\"@type\":\"BreadcrumbList\",\"@id\":\"http:\/\/www.kiehlturkey.com\/index.php\/urun\/entschaumer\/#breadcrumb\",\"itemListElement\":[{\"@type\":\"ListItem\",\"position\":1,\"item\":{\"@type\":\"WebPage\",\"@id\":\"http:\/\/www.kiehlturkey.com\/\",\"url\":\"http:\/\/www.kiehlturkey.com\/\",\"name\":\"Ana sayfa\"}},{\"@type\":\"ListItem\",\"position\":2,\"item\":{\"@type\":\"WebPage\",\"@id\":\"http:\/\/www.kiehlturkey.com\/index.php\/urunler\/\",\"url\":\"http:\/\/www.kiehlturkey.com\/index.php\/urunler\/\",\"name\":\"\\u00dcr\\u00fcnler\"}},{\"@type\":\"ListItem\",\"position\":3,\"item\":{\"@type\":\"WebPage\",\"@id\":\"http:\/\/www.kiehlturkey.com\/index.php\/urun\/entschaumer\/\",\"url\":\"http:\/\/www.kiehlturkey.com\/index.php\/urun\/entschaumer\/\",\"name\":\"Entsch\\u00e4umer\"}}]}]}<\/script>\r\n<!-- \/ Yoast SEO plugin. -->","_links":{"self":[{"href":"http:\/\/www.kiehlturkey.com\/index.php\/wp-json\/wp\/v2\/product\/1597"}],"collection":[{"href":"http:\/\/www.kiehlturkey.com\/index.php\/wp-json\/wp\/v2\/product"}],"about":[{"href":"http:\/\/www.kiehlturkey.com\/index.php\/wp-json\/wp\/v2\/types\/product"}],"replies":[{"embeddable":true,"href":"http:\/\/www.kiehlturkey.com\/index.php\/wp-json\/wp\/v2\/comments?post=1597"}],"version-history":[{"count":1,"href":"http:\/\/www.kiehlturkey.com\/index.php\/wp-json\/wp\/v2\/product\/1597\/revisions"}],"predecessor-version":[{"id":1602,"href":"http:\/\/www.kiehlturkey.com\/index.php\/wp-json\/wp\/v2\/product\/1597\/revisions\/1602"}],"wp:featuredmedia":[{"embeddable":true,"href":"http:\/\/www.kiehlturkey.com\/index.php\/wp-json\/wp\/v2\/media\/1601"}],"wp:attachment":[{"href":"http:\/\/www.kiehlturkey.com\/index.php\/wp-json\/wp\/v2\/media?parent=1597"}],"curies":[{"name":"wp","href":"https:\/\/api.w.org\/{rel}","templated":true}]}}