{"id":1643,"date":"2021-02-27T21:11:57","date_gmt":"2021-02-27T21:11:57","guid":{"rendered":"https:\/\/kiehl.mcsajans.com\/?post_type=product&#038;p=1643"},"modified":"2021-02-27T21:20:15","modified_gmt":"2021-02-27T21:20:15","slug":"spul-blitz","status":"publish","type":"product","link":"http:\/\/www.kiehlturkey.com\/index.php\/urun\/spul-blitz\/","title":{"rendered":"Sp\u00fcl-Blitz"},"content":{"rendered":"<p><strong><span class=\"urun_text_02\">\u00d6zellikleri : <\/span><\/strong><span class=\"urun_text_02\">Do\u011fal hammadde i\u00e7erikli, ya\u011f \u00e7\u00f6z\u00fcc\u00fc bula\u015f\u0131k deterjan\u0131. Ellerinizi ve materyali korur. Ekonomik kullan\u0131ml\u0131d\u0131r. Bula\u015f\u0131k makinelerinde kullanmay\u0131n\u0131z. ABS t\u00fcr\u00fc y\u00fczey etkin maddeler i\u00e7ermez.<\/span><\/p>\n<p><span class=\"urun_text_02\"><strong>\u0130\u00e7indekiler :<\/strong>\u00a0<\/span>Aniyonik y\u00fczey etkin maddeler 5-15%, non-iyonik y\u00fczey etkin maddeler &lt; 5%,<br \/>\nderi koruyucu bile\u015fenler, katk\u0131 maddeleri, esanslar (limonen, sitral), koruyucu maddeler (metil-\/metilkloroisothiazolinon). pH-de\u011feri (konsantre): yakla\u015f\u0131k 7 pH-de\u011feri (kullan\u0131ma haz\u0131r sol\u00fcsyon): yakla\u015f\u0131k 7<\/p>\n<p><span class=\"urun_text_02\"><strong>Kullan\u0131m Alanlar\u0131 :<\/strong>\u00a0<\/span>Elde bula\u015f\u0131k y\u0131kama ve t\u00fcm suya dayan\u0131kl\u0131 y\u00fczeyler ve objelerin temizli\u011fi i\u00e7in uygundur.<br \/>\n<span class=\"urun_text_02\"><br \/>\n<strong>Bula\u015f\u0131k y\u0131kama :<\/strong><\/span>\u00a06 litre kadar s\u0131cak suya 1-2 kez s\u0131k\u0131n. Bula\u015f\u0131klar\u0131 f\u0131r\u00e7a veya bezle y\u0131kay\u0131n, durulay\u0131n ve kurumaya b\u0131rak\u0131n.<\/p>\n<p><strong><span class=\"urun_text_02\">Rutin temizlik (y\u00fczey temizli\u011fi ):<\/span><\/strong>\u00a04 litre s\u0131cak suya 1 kez s\u0131k\u0131n. Y\u00fczeyi veya objeyi hafif\u00e7e katlanm\u0131\u015f bir bezle silin. E\u011fer gerekiyorsa, tekrar silin.<\/p>\n","protected":false},"excerpt":{"rendered":"<h1 class=\"detail-productname\"><span class=\"urun_baslik_08\">Sp\u00fcl-Blitz<\/span><\/h1>\n<p><span class=\"urun_text_02\">Parlakl\u0131k verici bula\u015f\u0131k deterjan\u0131<\/span><\/p>\n<p><span class=\"urun_text_02\"><strong>\u00d6zellikleri <\/strong>: Do\u011fal hammadde i\u00e7erikli, ya\u011f \u00e7\u00f6z\u00fcc\u00fc bula\u015f\u0131k deterjan\u0131. Ellerinizi ve materyali korur. Ekonomik kullan\u0131ml\u0131d\u0131r. Bula\u015f\u0131k makinelerinde kullanmay\u0131n\u0131z. ABS t\u00fcr\u00fc y\u00fczey etkin maddeler i\u00e7ermez.<\/p>\n<p><\/span><\/p>\n<p>&nbsp;<\/p>\n<p>&nbsp;<\/p>\n<p>&nbsp;<\/p>\n<p>&nbsp;<\/p>\n<hr \/>\n<p><img loading=\"lazy\" class=\"alignnone size-full wp-image-1649\" src=\"https:\/\/kiehl.mcsajans.com\/wp-content\/uploads\/2021\/02\/spul-blitz_icon.jpg\" alt=\"\" width=\"67\" height=\"67\" \/><\/p>\n<p><strong><span class=\"urun_text_02\">Metrekare ba\u015f\u0131na t\u00fcketim<\/span><\/strong><br \/>\nUygulamaya g\u00f6re farkl\u0131l\u0131k g\u00f6sterir.<\/p>\n<p><strong>Paketleme<\/strong><\/p>\n<p>6 x 1 litre \u015fi\u015felik koli \u00dcr. No. j 55 01 01<br \/>\n10 litre bidon \u00dcr. No. j 55 01 10<br \/>\n200 litre varil \u00dcr. No. j 55 01 72<\/p>\n","protected":false},"featured_media":1651,"comment_status":"open","ping_status":"closed","template":"elementor_theme","meta":[],"yoast_head":"<!-- This site is optimized with the Yoast SEO plugin v15.9 - https:\/\/yoast.com\/wordpress\/plugins\/seo\/ -->\r\n<title>Sp\u00fcl-Blitz | K\u0130EHL<\/title>\r\n<meta name=\"description\" content=\"Do\u011fal hammadde i\u00e7erikli, ya\u011f \u00e7\u00f6z\u00fcc\u00fc bula\u015f\u0131k deterjan\u0131.\" \/>\r\n<meta name=\"robots\" content=\"index, follow, max-snippet:-1, max-image-preview:large, max-video-preview:-1\" \/>\r\n<link rel=\"canonical\" href=\"http:\/\/www.kiehlturkey.com\/index.php\/urun\/spul-blitz\/\" \/>\r\n<meta property=\"og:locale\" content=\"tr_TR\" \/>\r\n<meta property=\"og:type\" content=\"article\" \/>\r\n<meta property=\"og:title\" content=\"Sp\u00fcl-Blitz | K\u0130EHL\" \/>\r\n<meta property=\"og:description\" content=\"Do\u011fal hammadde i\u00e7erikli, ya\u011f \u00e7\u00f6z\u00fcc\u00fc bula\u015f\u0131k deterjan\u0131.\" \/>\r\n<meta property=\"og:url\" content=\"http:\/\/www.kiehlturkey.com\/index.php\/urun\/spul-blitz\/\" \/>\r\n<meta property=\"og:site_name\" content=\"K\u0130EHL\" \/>\r\n<meta property=\"article:modified_time\" content=\"2021-02-27T21:20:15+00:00\" \/>\r\n<meta property=\"og:image\" content=\"http:\/\/www.kiehlturkey.com\/wp-content\/uploads\/2021\/02\/spul-blitz.jpg\" \/>\r\n\t<meta property=\"og:image:width\" content=\"500\" \/>\r\n\t<meta property=\"og:image:height\" content=\"500\" \/>\r\n<meta name=\"twitter:card\" content=\"summary_large_image\" \/>\r\n<meta name=\"twitter:label1\" content=\"Tahmini okuma s\u00fcresi\">\n\t<meta name=\"twitter:data1\" content=\"1 dakika\">\r\n<script type=\"application\/ld+json\" class=\"yoast-schema-graph\">{\"@context\":\"https:\/\/schema.org\",\"@graph\":[{\"@type\":\"WebSite\",\"@id\":\"http:\/\/www.kiehlturkey.com\/#website\",\"url\":\"http:\/\/www.kiehlturkey.com\/\",\"name\":\"K\\u0130EHL\",\"description\":\"die saubere L\\u00f6sung\",\"potentialAction\":[{\"@type\":\"SearchAction\",\"target\":\"http:\/\/www.kiehlturkey.com\/?s={search_term_string}\",\"query-input\":\"required name=search_term_string\"}],\"inLanguage\":\"tr\"},{\"@type\":\"ImageObject\",\"@id\":\"http:\/\/www.kiehlturkey.com\/index.php\/urun\/spul-blitz\/#primaryimage\",\"inLanguage\":\"tr\",\"url\":\"http:\/\/www.kiehlturkey.com\/wp-content\/uploads\/2021\/02\/spul-blitz.jpg\",\"width\":500,\"height\":500},{\"@type\":\"WebPage\",\"@id\":\"http:\/\/www.kiehlturkey.com\/index.php\/urun\/spul-blitz\/#webpage\",\"url\":\"http:\/\/www.kiehlturkey.com\/index.php\/urun\/spul-blitz\/\",\"name\":\"Sp\\u00fcl-Blitz | K\\u0130EHL\",\"isPartOf\":{\"@id\":\"http:\/\/www.kiehlturkey.com\/#website\"},\"primaryImageOfPage\":{\"@id\":\"http:\/\/www.kiehlturkey.com\/index.php\/urun\/spul-blitz\/#primaryimage\"},\"datePublished\":\"2021-02-27T21:11:57+00:00\",\"dateModified\":\"2021-02-27T21:20:15+00:00\",\"description\":\"Do\\u011fal hammadde i\\u00e7erikli, ya\\u011f \\u00e7\\u00f6z\\u00fcc\\u00fc bula\\u015f\\u0131k deterjan\\u0131.\",\"breadcrumb\":{\"@id\":\"http:\/\/www.kiehlturkey.com\/index.php\/urun\/spul-blitz\/#breadcrumb\"},\"inLanguage\":\"tr\",\"potentialAction\":[{\"@type\":\"ReadAction\",\"target\":[\"http:\/\/www.kiehlturkey.com\/index.php\/urun\/spul-blitz\/\"]}]},{\"@type\":\"BreadcrumbList\",\"@id\":\"http:\/\/www.kiehlturkey.com\/index.php\/urun\/spul-blitz\/#breadcrumb\",\"itemListElement\":[{\"@type\":\"ListItem\",\"position\":1,\"item\":{\"@type\":\"WebPage\",\"@id\":\"http:\/\/www.kiehlturkey.com\/\",\"url\":\"http:\/\/www.kiehlturkey.com\/\",\"name\":\"Ana sayfa\"}},{\"@type\":\"ListItem\",\"position\":2,\"item\":{\"@type\":\"WebPage\",\"@id\":\"http:\/\/www.kiehlturkey.com\/index.php\/urunler\/\",\"url\":\"http:\/\/www.kiehlturkey.com\/index.php\/urunler\/\",\"name\":\"\\u00dcr\\u00fcnler\"}},{\"@type\":\"ListItem\",\"position\":3,\"item\":{\"@type\":\"WebPage\",\"@id\":\"http:\/\/www.kiehlturkey.com\/index.php\/urun\/spul-blitz\/\",\"url\":\"http:\/\/www.kiehlturkey.com\/index.php\/urun\/spul-blitz\/\",\"name\":\"Sp\\u00fcl-Blitz\"}}]}]}<\/script>\r\n<!-- \/ Yoast SEO plugin. -->","_links":{"self":[{"href":"http:\/\/www.kiehlturkey.com\/index.php\/wp-json\/wp\/v2\/product\/1643"}],"collection":[{"href":"http:\/\/www.kiehlturkey.com\/index.php\/wp-json\/wp\/v2\/product"}],"about":[{"href":"http:\/\/www.kiehlturkey.com\/index.php\/wp-json\/wp\/v2\/types\/product"}],"replies":[{"embeddable":true,"href":"http:\/\/www.kiehlturkey.com\/index.php\/wp-json\/wp\/v2\/comments?post=1643"}],"version-history":[{"count":2,"href":"http:\/\/www.kiehlturkey.com\/index.php\/wp-json\/wp\/v2\/product\/1643\/revisions"}],"predecessor-version":[{"id":1653,"href":"http:\/\/www.kiehlturkey.com\/index.php\/wp-json\/wp\/v2\/product\/1643\/revisions\/1653"}],"wp:featuredmedia":[{"embeddable":true,"href":"http:\/\/www.kiehlturkey.com\/index.php\/wp-json\/wp\/v2\/media\/1651"}],"wp:attachment":[{"href":"http:\/\/www.kiehlturkey.com\/index.php\/wp-json\/wp\/v2\/media?parent=1643"}],"curies":[{"name":"wp","href":"https:\/\/api.w.org\/{rel}","templated":true}]}}