{"id":1690,"date":"2021-02-27T21:47:35","date_gmt":"2021-02-27T21:47:35","guid":{"rendered":"https:\/\/kiehl.mcsajans.com\/?post_type=product&#038;p=1690"},"modified":"2021-02-27T22:02:36","modified_gmt":"2021-02-27T22:02:36","slug":"econa-konsantre","status":"publish","type":"product","link":"http:\/\/www.kiehlturkey.com\/index.php\/urun\/econa-konsantre\/","title":{"rendered":"Econa Konsantre"},"content":{"rendered":"<p><strong><span class=\"urun_text_02\">\u00d6zellikleri : <\/span><\/strong><span class=\"urun_text_02\">Econa Konsantre, g\u00fcnl\u00fck temizlik i\u00e7in ideal olan, \u00e7ok ama\u00e7l\u0131 bir rutin temizlik<br \/>\n\u00fcr\u00fcn\u00fcd\u00fcr. \u00dcr\u00fcn, d\u00fc\u015f\u00fck uygulama konsantrasyonlar\u0131nda dahi y\u00fcksek bir temizleme<br \/>\nperformans\u0131 g\u00f6sterir. Econa Konsantre materyali korur, h\u0131zla ve p\u00fcr\u00fczs\u00fcz bir<br \/>\n\u015fekilde kurur ve temizlenen y\u00fczeyin do\u011fal g\u00f6r\u00fcn\u00fcm\u00fcne vurgu yapar. \u00dcr\u00fcn, \u00e7evre<br \/>\ndostu form\u00fcl\u00fc sayesinde Avrupa Birli\u011fi \u00c7evre Etiketine lay\u0131k g\u00f6r\u00fclm\u00fc\u015ft\u00fcr.<\/span><span class=\"urun_text_02\"><br \/>\n<\/span><\/p>\n<p><span class=\"urun_text_02\"><strong>\u0130\u00e7indekiler :<\/strong> Non-iyonik y\u00fczey etkin maddeler 5-15%, suda \u00e7\u00f6z\u00fcnebilen solventler, boyar<br \/>\nmaddeler, esanslar. pH-de\u011feri (konsantre): yakla\u015f\u0131k 9 pH-de\u011feri (kullan\u0131ma haz\u0131r sol\u00fcsyon): yakla\u015f\u0131k 8,5<\/span><\/p>\n<p><span class=\"urun_text_02\"><strong>Kullan\u0131m Alanlar\u0131 :<\/strong> T\u00fcm suya dayan\u0131kl\u0131 y\u00fczeyler, objeler, zemin kaplamalar\u0131 ve kaplanm\u0131\u015f<br \/>\nzeminlerde kullan\u0131ma uygundur.<br \/>\n<\/span><\/p>\n<p><strong><span class=\"urun_text_02\">Kullan\u0131m \u015eekli :<\/span><\/strong><br \/>\n1 \u00f6l\u00e7ek (po\u015fet veya \u00f6l\u00e7ek kapa\u011f\u0131) = 25 ml<\/p>\n<p><strong><span class=\"urun_text_02\">Rutin temizlik (silme \/ mekanik \u0131slak temizlik \/ y\u00fczey temizli\u011fi):<\/span><\/strong><br \/>\n8 litre so\u011fuk suya bir \u00f6l\u00e7ek. Seyreltme i\u00e7in Dosifill 1:320 \u00f6l\u00e7ek.<\/p>\n<p><strong>Profesyonel kullan\u0131mlar i\u00e7indir!<\/strong><\/p>\n<p><img loading=\"lazy\" class=\"alignnone size-full wp-image-1696\" src=\"https:\/\/kiehl.mcsajans.com\/wp-content\/uploads\/2021\/02\/resim_2021-02-28_005740.png\" alt=\"\" width=\"150\" height=\"150\" srcset=\"http:\/\/www.kiehlturkey.com\/wp-content\/uploads\/2021\/02\/resim_2021-02-28_005740.png 150w, http:\/\/www.kiehlturkey.com\/wp-content\/uploads\/2021\/02\/resim_2021-02-28_005740-100x100.png 100w\" sizes=\"(max-width: 150px) 100vw, 150px\" \/>Econa Konsantre, San-Eco Konsantre, Optima, Duocit Eco, Ambital Konsantre gibi daha bir \u00e7ok \u00fcr\u00fcn Avrupa Birli\u011fi \u00c7evre Etiketi \u00d6d\u00fcl\u00fcne\u00a0 \u00a0 \u00a0 \u00a0 \u00a0 \u00a0 \u00a0 \u00a0 \u00a0 \u00a0 \u00a0 \u00a0 \u00a0 \u00a0 \u00a0 \u00a0 \u00a0 \u00a0 \u00a0 \u00a0 \u00a0 \u00a0 \u00a0 \u00a0 \u00a0Lay\u0131k G\u00f6r\u00fclm\u00fc\u015ft\u00fcr.<\/p>\n","protected":false},"excerpt":{"rendered":"<h1><span class=\"urun_baslik_09\">Econa Konsantre<\/span><\/h1>\n<p><strong><span class=\"urun_text_02\">\u00c7ok y\u00f6nl\u00fc temizleyici<\/span><span class=\"urun_text_02\"><br \/>\n320 Litre Temizleyiciyi cebinizde ta\u015f\u0131yabilirsiniz.<\/span><\/strong><\/p>\n<p><span class=\"urun_text_02\"><strong>\u00d6zellikleri <\/strong>:\u00a0 Econa Konsantre, g\u00fcnl\u00fck temizlik i\u00e7in ideal olan, \u00e7ok ama\u00e7l\u0131 bir rutin temizlik<br \/>\n\u00fcr\u00fcn\u00fcd\u00fcr. \u00dcr\u00fcn, d\u00fc\u015f\u00fck uygulama konsantrasyonlar\u0131nda dahi y\u00fcksek bir temizleme<br \/>\nperformans\u0131 g\u00f6sterir. Econa Konsantre materyali korur, h\u0131zla ve p\u00fcr\u00fczs\u00fcz bir<br \/>\n\u015fekilde kurur ve temizlenen y\u00fczeyin do\u011fal g\u00f6r\u00fcn\u00fcm\u00fcne vurgu yapar. \u00dcr\u00fcn, \u00e7evre<br \/>\ndostu form\u00fcl\u00fc sayesinde Avrupa Birli\u011fi \u00c7evre Etiketine lay\u0131k g\u00f6r\u00fclm\u00fc\u015ft\u00fcr.<\/span><\/p>\n<hr \/>\n<p><strong><span class=\"urun_text_02\">Metrekare ba\u015f\u0131na t\u00fcketim<\/span><\/strong><br \/>\nSilme \/ mekanik \u0131slak temizlik \/ y\u00fczey temizli\u011fi: 0,1-0,25 ml<\/p>\n<p><strong>\u00a0Profesyonel Kullan\u0131mlar i\u00e7indir!<\/strong><\/p>\n<p><strong>Paketleme <\/strong><\/p>\n<p>240 x 25 ml po\u015fetlik koli \u00dcr. No. j 25 17 54<br \/>\n6 x 1 litre \u00f6l\u00e7ek \u015fi\u015felik koli \u00dcr. No. j 25 17 02<br \/>\n10 litre bidon \u00dcr. No. j 25 17 10<br \/>\n200 litre varil \u00dcr. No. j 25 17 72<br \/>\nDosifill 1:320 \u00f6l\u00e7ek \u00dcr. No. z 12 10 11<\/p>\n<p><img loading=\"lazy\" class=\"alignnone size-full wp-image-1698\" src=\"https:\/\/kiehl.mcsajans.com\/wp-content\/uploads\/2021\/02\/icon_econakonsantre.jpg\" alt=\"\" width=\"218\" height=\"49\" \/><\/p>\n<p>&nbsp;<\/p>\n","protected":false},"featured_media":1699,"comment_status":"open","ping_status":"closed","template":"elementor_theme","meta":[],"yoast_head":"<!-- This site is optimized with the Yoast SEO plugin v15.9 - https:\/\/yoast.com\/wordpress\/plugins\/seo\/ -->\r\n<title>Econa Konsantre | K\u0130EHL<\/title>\r\n<meta name=\"description\" content=\"Econa Konsantre, g\u00fcnl\u00fck temizlik i\u00e7in ideal olan, \u00e7ok ama\u00e7l\u0131 bir rutin temizlik \u00fcr\u00fcn\u00fcd\u00fcr.\" \/>\r\n<meta name=\"robots\" content=\"index, follow, max-snippet:-1, max-image-preview:large, max-video-preview:-1\" \/>\r\n<link rel=\"canonical\" href=\"http:\/\/www.kiehlturkey.com\/index.php\/urun\/econa-konsantre\/\" \/>\r\n<meta property=\"og:locale\" content=\"tr_TR\" \/>\r\n<meta property=\"og:type\" content=\"article\" \/>\r\n<meta property=\"og:title\" content=\"Econa Konsantre | K\u0130EHL\" \/>\r\n<meta property=\"og:description\" content=\"Econa Konsantre, g\u00fcnl\u00fck temizlik i\u00e7in ideal olan, \u00e7ok ama\u00e7l\u0131 bir rutin temizlik \u00fcr\u00fcn\u00fcd\u00fcr.\" \/>\r\n<meta property=\"og:url\" content=\"http:\/\/www.kiehlturkey.com\/index.php\/urun\/econa-konsantre\/\" \/>\r\n<meta property=\"og:site_name\" content=\"K\u0130EHL\" \/>\r\n<meta property=\"article:modified_time\" content=\"2021-02-27T22:02:36+00:00\" \/>\r\n<meta property=\"og:image\" content=\"http:\/\/www.kiehlturkey.com\/wp-content\/uploads\/2021\/02\/Untitled-1-26.jpg\" \/>\r\n\t<meta property=\"og:image:width\" content=\"500\" \/>\r\n\t<meta property=\"og:image:height\" content=\"500\" \/>\r\n<meta name=\"twitter:card\" content=\"summary_large_image\" \/>\r\n<meta name=\"twitter:label1\" content=\"Tahmini okuma s\u00fcresi\">\n\t<meta name=\"twitter:data1\" content=\"1 dakika\">\r\n<script type=\"application\/ld+json\" class=\"yoast-schema-graph\">{\"@context\":\"https:\/\/schema.org\",\"@graph\":[{\"@type\":\"WebSite\",\"@id\":\"http:\/\/www.kiehlturkey.com\/#website\",\"url\":\"http:\/\/www.kiehlturkey.com\/\",\"name\":\"K\\u0130EHL\",\"description\":\"die saubere L\\u00f6sung\",\"potentialAction\":[{\"@type\":\"SearchAction\",\"target\":\"http:\/\/www.kiehlturkey.com\/?s={search_term_string}\",\"query-input\":\"required name=search_term_string\"}],\"inLanguage\":\"tr\"},{\"@type\":\"ImageObject\",\"@id\":\"http:\/\/www.kiehlturkey.com\/index.php\/urun\/econa-konsantre\/#primaryimage\",\"inLanguage\":\"tr\",\"url\":\"http:\/\/www.kiehlturkey.com\/wp-content\/uploads\/2021\/02\/Untitled-1-26.jpg\",\"width\":500,\"height\":500},{\"@type\":\"WebPage\",\"@id\":\"http:\/\/www.kiehlturkey.com\/index.php\/urun\/econa-konsantre\/#webpage\",\"url\":\"http:\/\/www.kiehlturkey.com\/index.php\/urun\/econa-konsantre\/\",\"name\":\"Econa Konsantre | K\\u0130EHL\",\"isPartOf\":{\"@id\":\"http:\/\/www.kiehlturkey.com\/#website\"},\"primaryImageOfPage\":{\"@id\":\"http:\/\/www.kiehlturkey.com\/index.php\/urun\/econa-konsantre\/#primaryimage\"},\"datePublished\":\"2021-02-27T21:47:35+00:00\",\"dateModified\":\"2021-02-27T22:02:36+00:00\",\"description\":\"Econa Konsantre, g\\u00fcnl\\u00fck temizlik i\\u00e7in ideal olan, \\u00e7ok ama\\u00e7l\\u0131 bir rutin temizlik \\u00fcr\\u00fcn\\u00fcd\\u00fcr.\",\"breadcrumb\":{\"@id\":\"http:\/\/www.kiehlturkey.com\/index.php\/urun\/econa-konsantre\/#breadcrumb\"},\"inLanguage\":\"tr\",\"potentialAction\":[{\"@type\":\"ReadAction\",\"target\":[\"http:\/\/www.kiehlturkey.com\/index.php\/urun\/econa-konsantre\/\"]}]},{\"@type\":\"BreadcrumbList\",\"@id\":\"http:\/\/www.kiehlturkey.com\/index.php\/urun\/econa-konsantre\/#breadcrumb\",\"itemListElement\":[{\"@type\":\"ListItem\",\"position\":1,\"item\":{\"@type\":\"WebPage\",\"@id\":\"http:\/\/www.kiehlturkey.com\/\",\"url\":\"http:\/\/www.kiehlturkey.com\/\",\"name\":\"Ana sayfa\"}},{\"@type\":\"ListItem\",\"position\":2,\"item\":{\"@type\":\"WebPage\",\"@id\":\"http:\/\/www.kiehlturkey.com\/index.php\/urunler\/\",\"url\":\"http:\/\/www.kiehlturkey.com\/index.php\/urunler\/\",\"name\":\"\\u00dcr\\u00fcnler\"}},{\"@type\":\"ListItem\",\"position\":3,\"item\":{\"@type\":\"WebPage\",\"@id\":\"http:\/\/www.kiehlturkey.com\/index.php\/urun\/econa-konsantre\/\",\"url\":\"http:\/\/www.kiehlturkey.com\/index.php\/urun\/econa-konsantre\/\",\"name\":\"Econa Konsantre\"}}]}]}<\/script>\r\n<!-- \/ Yoast SEO plugin. -->","_links":{"self":[{"href":"http:\/\/www.kiehlturkey.com\/index.php\/wp-json\/wp\/v2\/product\/1690"}],"collection":[{"href":"http:\/\/www.kiehlturkey.com\/index.php\/wp-json\/wp\/v2\/product"}],"about":[{"href":"http:\/\/www.kiehlturkey.com\/index.php\/wp-json\/wp\/v2\/types\/product"}],"replies":[{"embeddable":true,"href":"http:\/\/www.kiehlturkey.com\/index.php\/wp-json\/wp\/v2\/comments?post=1690"}],"version-history":[{"count":2,"href":"http:\/\/www.kiehlturkey.com\/index.php\/wp-json\/wp\/v2\/product\/1690\/revisions"}],"predecessor-version":[{"id":1701,"href":"http:\/\/www.kiehlturkey.com\/index.php\/wp-json\/wp\/v2\/product\/1690\/revisions\/1701"}],"wp:featuredmedia":[{"embeddable":true,"href":"http:\/\/www.kiehlturkey.com\/index.php\/wp-json\/wp\/v2\/media\/1699"}],"wp:attachment":[{"href":"http:\/\/www.kiehlturkey.com\/index.php\/wp-json\/wp\/v2\/media?parent=1690"}],"curies":[{"name":"wp","href":"https:\/\/api.w.org\/{rel}","templated":true}]}}