{"id":1765,"date":"2021-02-27T22:56:45","date_gmt":"2021-02-27T22:56:45","guid":{"rendered":"https:\/\/kiehl.mcsajans.com\/?post_type=product&#038;p=1765"},"modified":"2021-02-27T23:02:11","modified_gmt":"2021-02-27T23:02:11","slug":"dipex","status":"publish","type":"product","link":"http:\/\/www.kiehlturkey.com\/index.php\/urun\/dipex\/","title":{"rendered":"Dipex"},"content":{"rendered":"<p><strong><span class=\"urun_text_02\">\u00d6zellikleri : <\/span><\/strong><span class=\"urun_text_02\">\u00d6zellikle alkalilere dayan\u0131kl\u0131 zemin kaplamalar\u0131nda kullan\u0131m ama\u00e7l\u0131 dizayn edilmi\u015f<br \/>\nalkali, g\u00fc\u00e7l\u00fc, az k\u00f6p\u00fcren temel temizleyici. Sabun ve mum tabakalar\u0131 ile ya\u011f ve gres ya\u011f\u0131n\u0131 h\u0131zl\u0131 ve etkili bir \u015fekilde yok eder.<\/span><span class=\"urun_text_02\"><br \/>\n<\/span><\/p>\n<p><span class=\"urun_text_02\"><strong>\u0130\u00e7indekiler :<\/strong> Aniyonik y\u00fczey etkin maddeler &lt; 5%, non-iyonik y\u00fczey etkin maddeler &lt; 5%, suda \u00e7\u00f6z\u00fcnebilen solventler, fosfatlar &lt; 5%, NTA &lt; 5%, alkaliler, esanslar (limonen). pH-de\u011feri (konsantre): yakla\u015f\u0131k 12 pH-de\u011feri (kullan\u0131ma haz\u0131r sol\u00fcsyon): yakla\u015f\u0131k 11<\/span><\/p>\n<p><span class=\"urun_text_02\"><strong>Kullan\u0131m Alanlar\u0131 : <\/strong>PVC, granit, tu\u011fla ve ta\u015f gibi suya ve alkalilere dayan\u0131kl\u0131 t\u00fcm zemin kaplamalar\u0131nda kullan\u0131ma uygundur. Linolyum ve kau\u00e7uk zeminlerle, mermer ve palladyen fayans gibi kalsit bazl\u0131 ta\u015flarda kullan\u0131ma uygun de\u011fildir!<\/span><\/p>\n<p>E\u011fer zemin kaplamas\u0131n\u0131n t\u00fcr\u00fc kesin olarak belirlenemiyorsa, l\u00fctfen \u00f6ncelikle materyalin dayan\u0131kl\u0131l\u0131\u011f\u0131n\u0131 test edin.<\/p>\n<p><strong><span class=\"urun_text_02\">Kullan\u0131m \u015eekli :<br \/>\nKaplamal\u0131 ya da mikro korumal\u0131 y\u00fczeylerin temel temizli\u011fi :<\/span>\u00a0<\/strong>0,5-2 litre \u00fcr\u00fcn\u00fc 8 litre so\u011fuk suyla seyreltin. Temizleme sol\u00fcsyonunu zemine yay\u0131n ve 10 dakika etki etmesini bekleyin. Ovun ve gerekiyorsa sol\u00fcsyon tank\u0131ndan s\u0131cak su ekleyip vakumlay\u0131n ve temiz suyla iyice durulay\u0131n.<\/p>\n<p class=\"urun_text_01\"><span class=\"urun_text_02\"><strong>Uyar\u0131 :<\/strong>\u00a0<\/span>Kiehl \u00fcr\u00fcn\u00fcn usule uygun olmayan kullan\u0131m\u0131 ve bundan do\u011facak zararlar i\u00e7in hi\u00e7bir sorumlulu\u011fu kabul etmez.<\/p>\n","protected":false},"excerpt":{"rendered":"<h1>Dipex<\/h1>\n<p><strong><span class=\"urun_text_02\">Temel temizleyici<\/span><\/strong><\/p>\n<p><span class=\"urun_text_02\"><strong>\u00d6zellikleri :<\/strong> \u00d6zellikle alkalilere dayan\u0131kl\u0131 zemin kaplamalar\u0131nda kullan\u0131m ama\u00e7l\u0131 dizayn edilmi\u015f<br \/>\nalkali, g\u00fc\u00e7l\u00fc, az k\u00f6p\u00fcren temel temizleyici. Sabun ve mum tabakalar\u0131 ile ya\u011f ve gres ya\u011f\u0131n\u0131 h\u0131zl\u0131 ve etkili bir \u015fekilde yok eder.<\/span><\/p>\n<hr \/>\n<p><strong><span class=\"urun_text_02\">Metrekare ba\u015f\u0131na t\u00fcketim<\/span><\/strong><br \/>\nTemel temizlik: 90 ml<\/p>\n<p><strong><span class=\"urun_text_01\">Profesyonel kullan\u0131mlar i\u00e7indir!<\/span><\/strong><\/p>\n<p><strong>\u00a0<\/strong><strong>Paketleme <\/strong><\/p>\n<p>Profesyonel kullan\u0131mlar i\u00e7indir!<br \/>\n10 litre bidon \u00dcr. No. j 15 01 10<br \/>\n200 litre varil \u00dcr. No. j 15 01 72<\/p>\n<p><img loading=\"lazy\" class=\"alignnone size-full wp-image-1768\" src=\"https:\/\/kiehl.mcsajans.com\/wp-content\/uploads\/2021\/02\/dipex_icon.jpg\" alt=\"\" width=\"67\" height=\"67\" \/><\/p>\n<p>&nbsp;<\/p>\n","protected":false},"featured_media":1769,"comment_status":"open","ping_status":"closed","template":"elementor_theme","meta":[],"yoast_head":"<!-- This site is optimized with the Yoast SEO plugin v15.9 - https:\/\/yoast.com\/wordpress\/plugins\/seo\/ -->\r\n<title>Dipex | K\u0130EHL<\/title>\r\n<meta name=\"description\" content=\"\u00d6zellikle alkalilere dayan\u0131kl\u0131 zemin kaplamalar\u0131nda kullan\u0131m ama\u00e7l\u0131 dizayn edilmi\u015f\" \/>\r\n<meta name=\"robots\" content=\"index, follow, max-snippet:-1, max-image-preview:large, max-video-preview:-1\" \/>\r\n<link rel=\"canonical\" href=\"http:\/\/www.kiehlturkey.com\/index.php\/urun\/dipex\/\" \/>\r\n<meta property=\"og:locale\" content=\"tr_TR\" \/>\r\n<meta property=\"og:type\" content=\"article\" \/>\r\n<meta property=\"og:title\" content=\"Dipex | K\u0130EHL\" \/>\r\n<meta property=\"og:description\" content=\"\u00d6zellikle alkalilere dayan\u0131kl\u0131 zemin kaplamalar\u0131nda kullan\u0131m ama\u00e7l\u0131 dizayn edilmi\u015f\" \/>\r\n<meta property=\"og:url\" content=\"http:\/\/www.kiehlturkey.com\/index.php\/urun\/dipex\/\" \/>\r\n<meta property=\"og:site_name\" content=\"K\u0130EHL\" \/>\r\n<meta property=\"article:modified_time\" content=\"2021-02-27T23:02:11+00:00\" \/>\r\n<meta property=\"og:image\" content=\"http:\/\/www.kiehlturkey.com\/wp-content\/uploads\/2021\/02\/Untitled-1-34.jpg\" \/>\r\n\t<meta property=\"og:image:width\" content=\"500\" \/>\r\n\t<meta property=\"og:image:height\" content=\"500\" \/>\r\n<meta name=\"twitter:card\" content=\"summary_large_image\" \/>\r\n<meta name=\"twitter:label1\" content=\"Tahmini okuma s\u00fcresi\">\n\t<meta name=\"twitter:data1\" content=\"1 dakika\">\r\n<script type=\"application\/ld+json\" class=\"yoast-schema-graph\">{\"@context\":\"https:\/\/schema.org\",\"@graph\":[{\"@type\":\"WebSite\",\"@id\":\"http:\/\/www.kiehlturkey.com\/#website\",\"url\":\"http:\/\/www.kiehlturkey.com\/\",\"name\":\"K\\u0130EHL\",\"description\":\"die saubere L\\u00f6sung\",\"potentialAction\":[{\"@type\":\"SearchAction\",\"target\":\"http:\/\/www.kiehlturkey.com\/?s={search_term_string}\",\"query-input\":\"required name=search_term_string\"}],\"inLanguage\":\"tr\"},{\"@type\":\"ImageObject\",\"@id\":\"http:\/\/www.kiehlturkey.com\/index.php\/urun\/dipex\/#primaryimage\",\"inLanguage\":\"tr\",\"url\":\"http:\/\/www.kiehlturkey.com\/wp-content\/uploads\/2021\/02\/Untitled-1-34.jpg\",\"width\":500,\"height\":500},{\"@type\":\"WebPage\",\"@id\":\"http:\/\/www.kiehlturkey.com\/index.php\/urun\/dipex\/#webpage\",\"url\":\"http:\/\/www.kiehlturkey.com\/index.php\/urun\/dipex\/\",\"name\":\"Dipex | K\\u0130EHL\",\"isPartOf\":{\"@id\":\"http:\/\/www.kiehlturkey.com\/#website\"},\"primaryImageOfPage\":{\"@id\":\"http:\/\/www.kiehlturkey.com\/index.php\/urun\/dipex\/#primaryimage\"},\"datePublished\":\"2021-02-27T22:56:45+00:00\",\"dateModified\":\"2021-02-27T23:02:11+00:00\",\"description\":\"\\u00d6zellikle alkalilere dayan\\u0131kl\\u0131 zemin kaplamalar\\u0131nda kullan\\u0131m ama\\u00e7l\\u0131 dizayn edilmi\\u015f\",\"breadcrumb\":{\"@id\":\"http:\/\/www.kiehlturkey.com\/index.php\/urun\/dipex\/#breadcrumb\"},\"inLanguage\":\"tr\",\"potentialAction\":[{\"@type\":\"ReadAction\",\"target\":[\"http:\/\/www.kiehlturkey.com\/index.php\/urun\/dipex\/\"]}]},{\"@type\":\"BreadcrumbList\",\"@id\":\"http:\/\/www.kiehlturkey.com\/index.php\/urun\/dipex\/#breadcrumb\",\"itemListElement\":[{\"@type\":\"ListItem\",\"position\":1,\"item\":{\"@type\":\"WebPage\",\"@id\":\"http:\/\/www.kiehlturkey.com\/\",\"url\":\"http:\/\/www.kiehlturkey.com\/\",\"name\":\"Ana sayfa\"}},{\"@type\":\"ListItem\",\"position\":2,\"item\":{\"@type\":\"WebPage\",\"@id\":\"http:\/\/www.kiehlturkey.com\/index.php\/urunler\/\",\"url\":\"http:\/\/www.kiehlturkey.com\/index.php\/urunler\/\",\"name\":\"\\u00dcr\\u00fcnler\"}},{\"@type\":\"ListItem\",\"position\":3,\"item\":{\"@type\":\"WebPage\",\"@id\":\"http:\/\/www.kiehlturkey.com\/index.php\/urun\/dipex\/\",\"url\":\"http:\/\/www.kiehlturkey.com\/index.php\/urun\/dipex\/\",\"name\":\"Dipex\"}}]}]}<\/script>\r\n<!-- \/ Yoast SEO plugin. -->","_links":{"self":[{"href":"http:\/\/www.kiehlturkey.com\/index.php\/wp-json\/wp\/v2\/product\/1765"}],"collection":[{"href":"http:\/\/www.kiehlturkey.com\/index.php\/wp-json\/wp\/v2\/product"}],"about":[{"href":"http:\/\/www.kiehlturkey.com\/index.php\/wp-json\/wp\/v2\/types\/product"}],"replies":[{"embeddable":true,"href":"http:\/\/www.kiehlturkey.com\/index.php\/wp-json\/wp\/v2\/comments?post=1765"}],"version-history":[{"count":1,"href":"http:\/\/www.kiehlturkey.com\/index.php\/wp-json\/wp\/v2\/product\/1765\/revisions"}],"predecessor-version":[{"id":1770,"href":"http:\/\/www.kiehlturkey.com\/index.php\/wp-json\/wp\/v2\/product\/1765\/revisions\/1770"}],"wp:featuredmedia":[{"embeddable":true,"href":"http:\/\/www.kiehlturkey.com\/index.php\/wp-json\/wp\/v2\/media\/1769"}],"wp:attachment":[{"href":"http:\/\/www.kiehlturkey.com\/index.php\/wp-json\/wp\/v2\/media?parent=1765"}],"curies":[{"name":"wp","href":"https:\/\/api.w.org\/{rel}","templated":true}]}}