{"id":1767,"date":"2021-02-27T22:59:54","date_gmt":"2021-02-27T22:59:54","guid":{"rendered":"https:\/\/kiehl.mcsajans.com\/?post_type=product&#038;p=1767"},"modified":"2021-02-27T23:06:28","modified_gmt":"2021-02-27T23:06:28","slug":"powerfix-gel","status":"publish","type":"product","link":"http:\/\/www.kiehlturkey.com\/index.php\/urun\/powerfix-gel\/","title":{"rendered":"Powerfix-Gel"},"content":{"rendered":"<p><strong><span class=\"urun_text_02\">\u00d6zellikleri : <\/span><\/strong><span class=\"urun_text_02\">Tuvalet klozetleri ve pisuvarlardaki kire\u00e7 kal\u0131nt\u0131lar\u0131n\u0131 gideren, fosforik asit i\u00e7erikli, g\u00fc\u00e7l\u00fc tuvalet temizleyici. Yo\u011fun k\u0131vam\u0131 sayesinde uzun bir reaksiyon s\u00fcresi sa\u011flar.<br \/>\nSonu\u00e7 olarak, en inat\u00e7\u0131 kal\u0131nt\u0131lar dahi tamamen temizlenir. \u00dcr\u00fcn\u00fcn asitlere duyarl\u0131<br \/>\ny\u00fczeylerde kullan\u0131m\u0131, materyali geri d\u00f6n\u00fc\u015fs\u00fcz bir \u015fekilde zedeleyecektir.<\/span><strong><span class=\"urun_text_02\"><br \/>\n<\/span><\/strong><\/p>\n<p><span class=\"urun_text_02\"><strong>\u0130\u00e7indekiler :<\/strong> Non-iyonik y\u00fczey etkin maddeler &lt; 5%, inorganik ve organik asitler,<br \/>\nboyar maddeler, esanslar (amilsinamal, sitronelol, metilpropanal).<br \/>\npH-de\u011feri (konsantre): yakla\u015f\u0131k 0,5<br \/>\n<\/span><\/p>\n<p><span class=\"urun_text_02\"><strong>Kullan\u0131m Alanlar\u0131 : <\/strong>\u00d6zellikle seramik, porselen ve paslanmaz \u00e7elikten imal edilmi\u015f<br \/>\nklozet ve pisuvarlardaki kire\u00e7, idrar ve pas kal\u0131nt\u0131lar\u0131n\u0131 temizlemek i\u00e7in kullan\u0131l\u0131r.<\/span><\/p>\n<p><strong><span class=\"urun_text_02\">Kullan\u0131m \u015eekli :<\/span><\/strong> \u0130lk uygulamadan \u00f6nce k\u00fc\u00e7\u00fck bir b\u00f6lgeyi asitlere kar\u015f\u0131 dayan\u0131kl\u0131<br \/>\nolup olmad\u0131\u011f\u0131n\u0131 anlamak i\u00e7in test ediniz.Tuvalet y\u00fczeyi ve i\u00e7 kenarlar\u0131na seyreltmeden p\u00fcsk\u00fcrt\u00fcn ve tuvalet f\u0131r\u00e7as\u0131yla yay\u0131n. Bir s\u00fcre etki etmesini bekledikten sonra f\u0131r\u00e7a ve bol su yard\u0131m\u0131yla iyice durulay\u0131n. Temizleme sol\u00fcsyonunun kurumas\u0131na izin vermeyin.<\/p>\n<p><strong><span class=\"urun_text_02\">Uyar\u0131:<\/span><\/strong>\u00a0Kiehl \u00fcr\u00fcn\u00fcn usule uygun olmayan kullan\u0131m\u0131 ve bundan do\u011facak zararlar i\u00e7in hi\u00e7bir sorumlulu\u011fu kabul etmez.<\/p>\n<p><img loading=\"lazy\" class=\"alignnone size-full wp-image-1771\" src=\"https:\/\/kiehl.mcsajans.com\/wp-content\/uploads\/2021\/02\/asindirici-5.jpg\" alt=\"\" width=\"69\" height=\"79\" \/> R 34 Yan\u0131klara neden olur.<br \/>\nR 52\/53 Suda ya\u015fayan organizmalara zarar verir ve akuatik \u00e7evrede uzun<br \/>\ns\u00fcreli k\u00f6t\u00fc etkilere neden olabilir.<br \/>\nS 24\/25 Deri ve g\u00f6zlere temas etmemesine dikkat ediniz.<br \/>\nS 37\/39 Uygun eldiven<\/p>\n","protected":false},"excerpt":{"rendered":"<h1 class=\"detail-productname\"><span class=\"urun_baslik_07\">Powerfix-Gel<\/span><\/h1>\n<p class=\"detail-productname\"><span class=\"urun_text_02\">G\u00fc\u00e7l\u00fc tuvalet temizleyici<\/span><\/p>\n<p><span class=\"urun_text_02\"><strong>\u00d6zellikleri <\/strong>: Tuvalet klozetleri ve pisuvarlardaki kire\u00e7 kal\u0131nt\u0131lar\u0131n\u0131 gideren, fosforik asit i\u00e7erikli, g\u00fc\u00e7l\u00fc tuvalet temizleyici. Yo\u011fun k\u0131vam\u0131 sayesinde uzun bir reaksiyon s\u00fcresi sa\u011flar.<br \/>\nSonu\u00e7 olarak, en inat\u00e7\u0131 kal\u0131nt\u0131lar dahi tamamen temizlenir. \u00dcr\u00fcn\u00fcn asitlere duyarl\u0131<br \/>\ny\u00fczeylerde kullan\u0131m\u0131, materyali geri d\u00f6n\u00fc\u015fs\u00fcz bir \u015fekilde zedeleyecektir.<br \/>\n<\/span><\/p>\n<p>&nbsp;<\/p>\n<p>&nbsp;<\/p>\n<p>&nbsp;<\/p>\n<p>&nbsp;<\/p>\n<p>&nbsp;<\/p>\n<p>&nbsp;<\/p>\n<hr \/>\n<p><img loading=\"lazy\" class=\"alignnone size-full wp-image-1772\" src=\"https:\/\/kiehl.mcsajans.com\/wp-content\/uploads\/2021\/02\/Powerfix-Gel.jpg\" alt=\"\" width=\"205\" height=\"67\" \/><\/p>\n<p><strong><span class=\"urun_text_02\">Metrekare ba\u015f\u0131na t\u00fcketim<\/span><\/strong><br \/>\nDerinlemesine temizlik: 10 ml<\/p>\n<p>Profesyonel kullan\u0131mlar i\u00e7indir!<\/p>\n<p><strong>Paketleme<\/strong><\/p>\n<p>6&#215;1 litre \u015fi\u015felik koli \u00dcr. No. j 40 06 01<\/p>\n","protected":false},"featured_media":1774,"comment_status":"open","ping_status":"closed","template":"elementor_theme","meta":[],"yoast_head":"<!-- This site is optimized with the Yoast SEO plugin v15.9 - https:\/\/yoast.com\/wordpress\/plugins\/seo\/ -->\r\n<title>Powerfix-Gel | K\u0130EHL<\/title>\r\n<meta name=\"description\" content=\"Tuvalet klozetleri ve pisuvarlardaki kire\u00e7 kal\u0131nt\u0131lar\u0131n\u0131 gideren, fosforik asit i\u00e7erikli, g\u00fc\u00e7l\u00fc tuvalet temizleyici.\" \/>\r\n<meta name=\"robots\" content=\"index, follow, max-snippet:-1, max-image-preview:large, max-video-preview:-1\" \/>\r\n<link rel=\"canonical\" href=\"http:\/\/www.kiehlturkey.com\/index.php\/urun\/powerfix-gel\/\" \/>\r\n<meta property=\"og:locale\" content=\"tr_TR\" \/>\r\n<meta property=\"og:type\" content=\"article\" \/>\r\n<meta property=\"og:title\" content=\"Powerfix-Gel | K\u0130EHL\" \/>\r\n<meta property=\"og:description\" content=\"Tuvalet klozetleri ve pisuvarlardaki kire\u00e7 kal\u0131nt\u0131lar\u0131n\u0131 gideren, fosforik asit i\u00e7erikli, g\u00fc\u00e7l\u00fc tuvalet temizleyici.\" \/>\r\n<meta property=\"og:url\" content=\"http:\/\/www.kiehlturkey.com\/index.php\/urun\/powerfix-gel\/\" \/>\r\n<meta property=\"og:site_name\" content=\"K\u0130EHL\" \/>\r\n<meta property=\"article:modified_time\" content=\"2021-02-27T23:06:28+00:00\" \/>\r\n<meta property=\"og:image\" content=\"http:\/\/www.kiehlturkey.com\/wp-content\/uploads\/2021\/02\/Powerfix-Gel-1.jpg\" \/>\r\n\t<meta property=\"og:image:width\" content=\"500\" \/>\r\n\t<meta property=\"og:image:height\" content=\"500\" \/>\r\n<meta name=\"twitter:card\" content=\"summary_large_image\" \/>\r\n<meta name=\"twitter:label1\" content=\"Tahmini okuma s\u00fcresi\">\n\t<meta name=\"twitter:data1\" content=\"1 dakika\">\r\n<script type=\"application\/ld+json\" class=\"yoast-schema-graph\">{\"@context\":\"https:\/\/schema.org\",\"@graph\":[{\"@type\":\"WebSite\",\"@id\":\"http:\/\/www.kiehlturkey.com\/#website\",\"url\":\"http:\/\/www.kiehlturkey.com\/\",\"name\":\"K\\u0130EHL\",\"description\":\"die saubere L\\u00f6sung\",\"potentialAction\":[{\"@type\":\"SearchAction\",\"target\":\"http:\/\/www.kiehlturkey.com\/?s={search_term_string}\",\"query-input\":\"required name=search_term_string\"}],\"inLanguage\":\"tr\"},{\"@type\":\"ImageObject\",\"@id\":\"http:\/\/www.kiehlturkey.com\/index.php\/urun\/powerfix-gel\/#primaryimage\",\"inLanguage\":\"tr\",\"url\":\"http:\/\/www.kiehlturkey.com\/wp-content\/uploads\/2021\/02\/Powerfix-Gel-1.jpg\",\"width\":500,\"height\":500},{\"@type\":\"WebPage\",\"@id\":\"http:\/\/www.kiehlturkey.com\/index.php\/urun\/powerfix-gel\/#webpage\",\"url\":\"http:\/\/www.kiehlturkey.com\/index.php\/urun\/powerfix-gel\/\",\"name\":\"Powerfix-Gel | K\\u0130EHL\",\"isPartOf\":{\"@id\":\"http:\/\/www.kiehlturkey.com\/#website\"},\"primaryImageOfPage\":{\"@id\":\"http:\/\/www.kiehlturkey.com\/index.php\/urun\/powerfix-gel\/#primaryimage\"},\"datePublished\":\"2021-02-27T22:59:54+00:00\",\"dateModified\":\"2021-02-27T23:06:28+00:00\",\"description\":\"Tuvalet klozetleri ve pisuvarlardaki kire\\u00e7 kal\\u0131nt\\u0131lar\\u0131n\\u0131 gideren, fosforik asit i\\u00e7erikli, g\\u00fc\\u00e7l\\u00fc tuvalet temizleyici.\",\"breadcrumb\":{\"@id\":\"http:\/\/www.kiehlturkey.com\/index.php\/urun\/powerfix-gel\/#breadcrumb\"},\"inLanguage\":\"tr\",\"potentialAction\":[{\"@type\":\"ReadAction\",\"target\":[\"http:\/\/www.kiehlturkey.com\/index.php\/urun\/powerfix-gel\/\"]}]},{\"@type\":\"BreadcrumbList\",\"@id\":\"http:\/\/www.kiehlturkey.com\/index.php\/urun\/powerfix-gel\/#breadcrumb\",\"itemListElement\":[{\"@type\":\"ListItem\",\"position\":1,\"item\":{\"@type\":\"WebPage\",\"@id\":\"http:\/\/www.kiehlturkey.com\/\",\"url\":\"http:\/\/www.kiehlturkey.com\/\",\"name\":\"Ana sayfa\"}},{\"@type\":\"ListItem\",\"position\":2,\"item\":{\"@type\":\"WebPage\",\"@id\":\"http:\/\/www.kiehlturkey.com\/index.php\/urunler\/\",\"url\":\"http:\/\/www.kiehlturkey.com\/index.php\/urunler\/\",\"name\":\"\\u00dcr\\u00fcnler\"}},{\"@type\":\"ListItem\",\"position\":3,\"item\":{\"@type\":\"WebPage\",\"@id\":\"http:\/\/www.kiehlturkey.com\/index.php\/urun\/powerfix-gel\/\",\"url\":\"http:\/\/www.kiehlturkey.com\/index.php\/urun\/powerfix-gel\/\",\"name\":\"Powerfix-Gel\"}}]}]}<\/script>\r\n<!-- \/ Yoast SEO plugin. -->","_links":{"self":[{"href":"http:\/\/www.kiehlturkey.com\/index.php\/wp-json\/wp\/v2\/product\/1767"}],"collection":[{"href":"http:\/\/www.kiehlturkey.com\/index.php\/wp-json\/wp\/v2\/product"}],"about":[{"href":"http:\/\/www.kiehlturkey.com\/index.php\/wp-json\/wp\/v2\/types\/product"}],"replies":[{"embeddable":true,"href":"http:\/\/www.kiehlturkey.com\/index.php\/wp-json\/wp\/v2\/comments?post=1767"}],"version-history":[{"count":1,"href":"http:\/\/www.kiehlturkey.com\/index.php\/wp-json\/wp\/v2\/product\/1767\/revisions"}],"predecessor-version":[{"id":1776,"href":"http:\/\/www.kiehlturkey.com\/index.php\/wp-json\/wp\/v2\/product\/1767\/revisions\/1776"}],"wp:featuredmedia":[{"embeddable":true,"href":"http:\/\/www.kiehlturkey.com\/index.php\/wp-json\/wp\/v2\/media\/1774"}],"wp:attachment":[{"href":"http:\/\/www.kiehlturkey.com\/index.php\/wp-json\/wp\/v2\/media?parent=1767"}],"curies":[{"name":"wp","href":"https:\/\/api.w.org\/{rel}","templated":true}]}}