{"id":797,"date":"2021-01-15T16:28:37","date_gmt":"2021-01-15T16:28:37","guid":{"rendered":"https:\/\/kiehl.mcsajans.com\/?post_type=product&#038;p=797"},"modified":"2021-01-17T19:52:43","modified_gmt":"2021-01-17T19:52:43","slug":"kiehl-holzol","status":"publish","type":"product","link":"http:\/\/www.kiehlturkey.com\/index.php\/urun\/kiehl-holzol\/","title":{"rendered":"Kiehl-Holz\u00f6l"},"content":{"rendered":"<p><span class=\"urun_text_02\">\u00d6zellikleri<\/span>\u00a0\u0130\u00e7eri\u011finde do\u011fal hammaddeler bulunur. Ah\u015fab\u0131n do\u011fal rengini g\u00fc\u00e7lendirir. Parf\u00fcm ya da solvent i\u00e7ermez, oksidatif olarak kurur ve yay\u0131lmaya a\u00e7\u0131kt\u0131r. Kolay kullan\u0131ml\u0131d\u0131r, iyi n\u00fcfuz eder. Emprenye etme ve y\u00fcksek dolgulama kapasitelidir. 2 ila 3 g\u00fcnl\u00fck sertle\u015fme s\u00fcresinden sonra \u00fczerinde y\u00fcr\u00fcnebilir ve silinmeye dayan\u0131kl\u0131 bir hale gelir. Zemin sertle\u015ftikten sonra, Kiehl-Legnodur ile ileri koruma i\u015flemi uygulayabilirsiniz.<\/p>\n<p><span class=\"urun_text_02\">\u0130\u00e7indekiler<\/span>\u00a0Do\u011fal ya\u011f ve re\u00e7ineler, kurutucu maddeler.<br \/>\n<span class=\"urun_text_02\"><br \/>\nKullan\u0131m Alanlar\u0131<\/span>\u00a0T\u00fcm Avrupa tipi ah\u015fap y\u00fczeylerin bak\u0131m\u0131 i\u00e7in uygundur. \u0130\u015flenmemi\u015f egzotik ah\u015fap y\u00fczeylerde, kullanmadan \u00f6nce daima k\u00fc\u00e7\u00fck bir b\u00f6lgeyi test ediniz. Parke, kalas, kaplama, end\u00fcstriyel parke, UV-ya\u011fl\u0131 parke, merdiven, OSB tahta, laminat vb. gibi ah\u015fap y\u00fczeylerin temel bak\u0131m\u0131 i\u00e7in kullan\u0131ma uygundur. Su ge\u00e7irmez, kaplamal\u0131 ya da cilal\u0131 ah\u015fap y\u00fczeyler i\u00e7in uygun de\u011fildir.<\/p>\n<p>Kullan\u0131m \u015eekli Kiehl-Holz\u00f6l&#8217;\u00fc uygulamadan \u00f6nce zeminin temiz, kuru ve cila, mum cilas\u0131, silikon, toz gibi \u00f6\u011felerden ar\u0131nd\u0131r\u0131lm\u0131\u015f olmas\u0131 \u015fartt\u0131r. Zemin \u0131s\u0131s\u0131 10\u00b0C and 25\u00b0C aras\u0131nda olmal\u0131d\u0131r. Hem uygulama esnas\u0131nda hemde uygulama sonras\u0131nda mekanlar \u00e7ok iyi havaland\u0131r\u0131lmal\u0131d\u0131r ve sigara i\u00e7ilmemelidir. Kullanmadan \u00f6nce iyice \u00e7alkalay\u0131n\u0131z! Sertle\u015fme zaman\u0131 s\u00fcresince (2 ila 3 g\u00fcn) zemin silinmemelidir.<\/p>\n<p>\u0130\u015flenmemi\u015f, temiz, tozlardan ar\u0131nd\u0131r\u0131lm\u0131\u015f ve profesyonel olarak z\u0131mparalanm\u0131\u015f ah\u015fap zeminlerde kullan\u0131ma uygundur (ya da ah\u015fap cilas\u0131 ve 100-120&#8217;lik ince z\u0131mpara ile onar\u0131lm\u0131\u015f).<\/p>\n<p><span class=\"urun_text_02\">Nas\u0131l kullan\u0131l\u0131r?<\/span>\u00a0Yakla\u015f\u0131k 800 ml Kiehl-Holz\u00f6l&#8217;\u00fc 10 metrekarelik bir alana ince bir tabaka halinde bir cilalay\u0131c\u0131, d\u00fcz paspas ya da Kiehl ya\u011f rulesi kullanarak zemine yay\u0131n. Yakla\u015f\u0131k olarak 30 dakika zemine n\u00fcfuz etmesini bekleyin. Bu s\u00fcre\u00e7te, baz\u0131 b\u00f6lgeler kurursa di\u011fer yerlerden alaca\u011f\u0131n\u0131z Kiehl-Holz\u00f6l ile bu b\u00f6lgeleri tekrar \u0131slat\u0131n. \u0130htiya\u00e7 duyulursa bir miktar daha Kiehl-Holz\u00f6l ekleyin.<\/p>\n<p>30 dakika sonra, zeminde arta kalan Kiehl-Holz\u00f6l&#8217;\u00fc bir neopren su\u00e7ekle(solventlere dayan\u0131kl\u0131) ve \u00fcst\u00fcp\u00fc, k\u00fc\u00e7\u00fck bir k\u00fcrek ya da benzeri bir aletle iyice \u00e7ektirin. Y\u00fczeydeki ince ya\u011f tabakas\u0131 sertle\u015fmesine f\u0131rsat verilmeden tamamen ortadan kald\u0131r\u0131lmal\u0131d\u0131r. Son-Ped ile donat\u0131lm\u0131\u015f d\u00f6ner ba\u015fl\u0131kl\u0131 makine kullan\u0131n. Ya\u011f tabakas\u0131n\u0131n \u00e7ok iyi bir \u015fekilde kald\u0131r\u0131l\u0131p d\u00fczg\u00fcn bir kuruma sa\u011flanaca\u011f\u0131ndan emin olmak i\u00e7in pedi ters \u00e7evirin veya yenisiyl\u015fe de\u011fi\u015ftirin. 10 metrekare i\u00e7in ortalama t\u00fcketim 1 peddir (her iki y\u00fcz\u00fc de kullan\u0131larak). Uyar\u0131 etiketini okuyun!<\/p>\n<p>12 saatlik kuruma s\u00fcresinden sonra, zeminin d\u00f6ner ba\u015fl\u0131kl\u0131 makine ve birle\u015fme yerlerinden s\u0131zan \u00fcr\u00fcn\u00fcn kald\u0131r\u0131lmas\u0131 ve bak\u0131m\u0131 yap\u0131lan y\u00fczeyin optimal g\u00f6r\u00fcn\u00fcm\u00fcn\u00fcn ortaya \u00e7\u0131kar\u0131lmas\u0131 i\u00e7in yine bir Son-Ped kullan\u0131larak parlat\u0131lmas\u0131 tavsiye edilir. Kulland\u0131\u011f\u0131n\u0131z aletleri temizlemek i\u00e7in Kiehl-Wax-Ex kullan\u0131n. A\u00e7\u0131lan bidonlar h\u0131zla t\u00fcketilmelidir.<\/p>\n<p><span class=\"urun_text_02\">Uyar\u0131:<\/span>\u00a0Kiehl \u00fcr\u00fcn\u00fcn us\u00fcle uygun olmayan kullan\u0131m\u0131 ve bundan do\u011facak zararlar i\u00e7in hi\u00e7bir sorumlulu\u011fu kabul etmez.<\/p>\n<p><span class=\"urun_text_02\">Uyar\u0131 etiketi:<\/span>\u00a0Ya\u011fl\u0131 bezler ve pedler aniden tutu\u015fabilir. Bu y\u00fczden su i\u00e7inde bekletilmeli ve hava ge\u00e7irmeyen bir kutu i\u00e7inde \u00e7\u00f6pe at\u0131lmal\u0131d\u0131rlar. Lokal at\u0131k kurallar\u0131n\u0131 okuyunuz.<\/p>\n<p>&nbsp;<\/p>\n","protected":false},"excerpt":{"rendered":"<h1><span class=\"urun_baslik_04\">Kiehl-Holz\u00f6l<\/span><\/h1>\n<p><em><span class=\"urun_text_02\">Temel bak\u0131m i\u00e7in emprenye ya\u011f\u0131<\/span><\/em><\/p>\n<p><strong><span class=\"urun_text_02\">\u00d6zellikleri<\/span> : <\/strong>\u0130\u00e7eri\u011finde do\u011fal hammaddeler bulunur. Ah\u015fab\u0131n do\u011fal rengini g\u00fc\u00e7lendirir. Parf\u00fcm ya da solvent i\u00e7ermez, oksidatif olarak kurur ve yay\u0131lmaya a\u00e7\u0131kt\u0131r. Kolay kullan\u0131ml\u0131d\u0131r, iyi n\u00fcfuz eder. Emprenye etme ve y\u00fcksek dolgulama kapasitelidir. 2 ila 3 g\u00fcnl\u00fck sertle\u015fme s\u00fcresinden sonra \u00fczerinde y\u00fcr\u00fcnebilir ve silinmeye dayan\u0131kl\u0131 bir hale gelir. Zemin sertle\u015ftikten sonra, Kiehl-Legnodur ile ileri koruma i\u015flemi uygulayabilirsiniz.<\/p>\n<table border=\"0\" width=\"440\" cellspacing=\"0\" cellpadding=\"0\">\n<tbody>\n<tr>\n<td width=\"77\"><img loading=\"lazy\" src=\"http:\/\/www.kiehlturkey.com\/images\/tahris.jpg\" alt=\"\" width=\"69\" height=\"79\" \/><img loading=\"lazy\" class=\"alignnone size-full wp-image-853\" src=\"https:\/\/kiehl.mcsajans.com\/wp-content\/uploads\/2021\/01\/tahris.jpg\" alt=\"\" width=\"69\" height=\"79\" \/><\/td>\n<td valign=\"top\" width=\"363\">R 43 Deri temas\u0131 yoluyla duyarl\u0131l\u0131\u011f\u0131n artmas\u0131na neden olabilir.<br \/>\nS 24 Deriye temas etmemesine dikkat ediniz.<br \/>\nTung ya\u011f\u0131 i\u00e7erir.<br \/>\nProfesyonel kullan\u0131mlar i\u00e7in!<\/td>\n<\/tr>\n<\/tbody>\n<\/table>\n<table style=\"height: 307px;\" border=\"0\" width=\"196\" cellspacing=\"0\" cellpadding=\"0\">\n<tbody>\n<tr>\n<td style=\"text-align: left;\" height=\"68\"><span class=\"urun_text_01\"><span class=\"urun_text_02\">Metrekare ba\u015f\u0131na t\u00fcketim<\/span><br \/>\nTemel bak\u0131m: Zeminin emicilik d\u00fczeyine g\u00f6re 80-120 ml.<\/span><\/td>\n<\/tr>\n<tr>\n<td class=\"urun_text_01\" height=\"78\"><span class=\"urun_text_02\">Paketleme<\/span><br \/>\n2&#215;5 litre bidonluk koli \u00dcr. No. j 22 03 05 Donmaya kar\u015f\u0131 koruyunuz!<\/td>\n<\/tr>\n<tr>\n<td height=\"70\"><img loading=\"lazy\" src=\"http:\/\/www.kiehlturkey.com\/images\/icon\/kiehl-holzol_icon.jpg\" alt=\"\" width=\"142\" height=\"67\" \/>\u00a0<img loading=\"lazy\" class=\"alignnone size-medium wp-image-855\" src=\"https:\/\/kiehl.mcsajans.com\/wp-content\/uploads\/2021\/01\/asd.jpg\" alt=\"\" width=\"142\" height=\"67\" \/><\/td>\n<\/tr>\n<\/tbody>\n<\/table>\n","protected":false},"featured_media":854,"comment_status":"open","ping_status":"closed","template":"elementor_theme","meta":[],"yoast_head":"<!-- This site is optimized with the Yoast SEO plugin v15.9 - https:\/\/yoast.com\/wordpress\/plugins\/seo\/ -->\r\n<title>Kiehl-Holz\u00f6l | K\u0130EHL<\/title>\r\n<meta name=\"robots\" content=\"index, follow, max-snippet:-1, max-image-preview:large, max-video-preview:-1\" \/>\r\n<link rel=\"canonical\" href=\"http:\/\/www.kiehlturkey.com\/index.php\/urun\/kiehl-holzol\/\" \/>\r\n<meta property=\"og:locale\" content=\"tr_TR\" \/>\r\n<meta property=\"og:type\" content=\"article\" \/>\r\n<meta property=\"og:title\" content=\"Kiehl-Holz\u00f6l | K\u0130EHL\" \/>\r\n<meta property=\"og:description\" content=\"Kiehl-Holz\u00f6l Temel bak\u0131m i\u00e7in emprenye ya\u011f\u0131  \u00d6zellikleri : \u0130\u00e7eri\u011finde do\u011fal hammaddeler bulunur. Ah\u015fab\u0131n do\u011fal rengini g\u00fc\u00e7lendirir. Parf\u00fcm ya da solvent i\u00e7ermez, oksidatif olarak kurur ve yay\u0131lmaya a\u00e7\u0131kt\u0131r. Kolay kullan\u0131ml\u0131d\u0131r, iyi n\u00fcfuz eder. Emprenye etme ve y\u00fcksek dolgulama kapasitelidir. 2 ila 3 g\u00fcnl\u00fck sertle\u015fme s\u00fcresinden sonra \u00fczerinde y\u00fcr\u00fcnebilir ve silinmeye dayan\u0131kl\u0131 bir hale gelir. Zemin sertle\u015ftikten sonra, Kiehl-Legnodur ile ileri koruma i\u015flemi uygulayabilirsiniz.     R 43 Deri temas\u0131 yoluyla duyarl\u0131l\u0131\u011f\u0131n artmas\u0131na neden olabilir. S 24 Deriye temas etmemesine dikkat ediniz. Tung ya\u011f\u0131 i\u00e7erir. Profesyonel kullan\u0131mlar i\u00e7in!       Metrekare ba\u015f\u0131na t\u00fcketim Temel bak\u0131m: Zeminin emicilik d\u00fczeyine g\u00f6re 80-120 ml.   Paketleme 2x5 litre bidonluk koli \u00dcr. No. j 22 03 05 Donmaya kar\u015f\u0131 koruyunuz!   \u00a0\" \/>\r\n<meta property=\"og:url\" content=\"http:\/\/www.kiehlturkey.com\/index.php\/urun\/kiehl-holzol\/\" \/>\r\n<meta property=\"og:site_name\" content=\"K\u0130EHL\" \/>\r\n<meta property=\"article:modified_time\" content=\"2021-01-17T19:52:43+00:00\" \/>\r\n<meta property=\"og:image\" content=\"http:\/\/www.kiehlturkey.com\/wp-content\/uploads\/2021\/01\/kiehl-holzol.jpg\" \/>\r\n\t<meta property=\"og:image:width\" content=\"194\" \/>\r\n\t<meta property=\"og:image:height\" content=\"270\" \/>\r\n<meta name=\"twitter:card\" content=\"summary_large_image\" \/>\r\n<meta name=\"twitter:label1\" content=\"Tahmini okuma s\u00fcresi\">\n\t<meta name=\"twitter:data1\" content=\"3 dakika\">\r\n<script type=\"application\/ld+json\" class=\"yoast-schema-graph\">{\"@context\":\"https:\/\/schema.org\",\"@graph\":[{\"@type\":\"WebSite\",\"@id\":\"http:\/\/www.kiehlturkey.com\/#website\",\"url\":\"http:\/\/www.kiehlturkey.com\/\",\"name\":\"K\\u0130EHL\",\"description\":\"die saubere L\\u00f6sung\",\"potentialAction\":[{\"@type\":\"SearchAction\",\"target\":\"http:\/\/www.kiehlturkey.com\/?s={search_term_string}\",\"query-input\":\"required name=search_term_string\"}],\"inLanguage\":\"tr\"},{\"@type\":\"ImageObject\",\"@id\":\"http:\/\/www.kiehlturkey.com\/index.php\/urun\/kiehl-holzol\/#primaryimage\",\"inLanguage\":\"tr\",\"url\":\"http:\/\/www.kiehlturkey.com\/wp-content\/uploads\/2021\/01\/kiehl-holzol.jpg\",\"width\":194,\"height\":270},{\"@type\":\"WebPage\",\"@id\":\"http:\/\/www.kiehlturkey.com\/index.php\/urun\/kiehl-holzol\/#webpage\",\"url\":\"http:\/\/www.kiehlturkey.com\/index.php\/urun\/kiehl-holzol\/\",\"name\":\"Kiehl-Holz\\u00f6l | K\\u0130EHL\",\"isPartOf\":{\"@id\":\"http:\/\/www.kiehlturkey.com\/#website\"},\"primaryImageOfPage\":{\"@id\":\"http:\/\/www.kiehlturkey.com\/index.php\/urun\/kiehl-holzol\/#primaryimage\"},\"datePublished\":\"2021-01-15T16:28:37+00:00\",\"dateModified\":\"2021-01-17T19:52:43+00:00\",\"breadcrumb\":{\"@id\":\"http:\/\/www.kiehlturkey.com\/index.php\/urun\/kiehl-holzol\/#breadcrumb\"},\"inLanguage\":\"tr\",\"potentialAction\":[{\"@type\":\"ReadAction\",\"target\":[\"http:\/\/www.kiehlturkey.com\/index.php\/urun\/kiehl-holzol\/\"]}]},{\"@type\":\"BreadcrumbList\",\"@id\":\"http:\/\/www.kiehlturkey.com\/index.php\/urun\/kiehl-holzol\/#breadcrumb\",\"itemListElement\":[{\"@type\":\"ListItem\",\"position\":1,\"item\":{\"@type\":\"WebPage\",\"@id\":\"http:\/\/www.kiehlturkey.com\/\",\"url\":\"http:\/\/www.kiehlturkey.com\/\",\"name\":\"Ana sayfa\"}},{\"@type\":\"ListItem\",\"position\":2,\"item\":{\"@type\":\"WebPage\",\"@id\":\"http:\/\/www.kiehlturkey.com\/index.php\/urunler\/\",\"url\":\"http:\/\/www.kiehlturkey.com\/index.php\/urunler\/\",\"name\":\"\\u00dcr\\u00fcnler\"}},{\"@type\":\"ListItem\",\"position\":3,\"item\":{\"@type\":\"WebPage\",\"@id\":\"http:\/\/www.kiehlturkey.com\/index.php\/urun\/kiehl-holzol\/\",\"url\":\"http:\/\/www.kiehlturkey.com\/index.php\/urun\/kiehl-holzol\/\",\"name\":\"Kiehl-Holz\\u00f6l\"}}]}]}<\/script>\r\n<!-- \/ Yoast SEO plugin. -->","_links":{"self":[{"href":"http:\/\/www.kiehlturkey.com\/index.php\/wp-json\/wp\/v2\/product\/797"}],"collection":[{"href":"http:\/\/www.kiehlturkey.com\/index.php\/wp-json\/wp\/v2\/product"}],"about":[{"href":"http:\/\/www.kiehlturkey.com\/index.php\/wp-json\/wp\/v2\/types\/product"}],"replies":[{"embeddable":true,"href":"http:\/\/www.kiehlturkey.com\/index.php\/wp-json\/wp\/v2\/comments?post=797"}],"version-history":[{"count":6,"href":"http:\/\/www.kiehlturkey.com\/index.php\/wp-json\/wp\/v2\/product\/797\/revisions"}],"predecessor-version":[{"id":858,"href":"http:\/\/www.kiehlturkey.com\/index.php\/wp-json\/wp\/v2\/product\/797\/revisions\/858"}],"wp:featuredmedia":[{"embeddable":true,"href":"http:\/\/www.kiehlturkey.com\/index.php\/wp-json\/wp\/v2\/media\/854"}],"wp:attachment":[{"href":"http:\/\/www.kiehlturkey.com\/index.php\/wp-json\/wp\/v2\/media?parent=797"}],"curies":[{"name":"wp","href":"https:\/\/api.w.org\/{rel}","templated":true}]}}